CRAN Package Check Results for Package WRSS

Last updated on 2025-01-18 11:48:51 CET.

Flavor Version Tinstall Tcheck Ttotal Status Flags
r-devel-linux-x86_64-debian-clang 3.1 15.43 92.91 108.34 NOTE
r-devel-linux-x86_64-debian-gcc 3.1 9.73 63.25 72.98 NOTE
r-devel-linux-x86_64-fedora-clang 3.1 183.71 NOTE
r-devel-linux-x86_64-fedora-gcc 3.1 159.48 NOTE
r-devel-windows-x86_64 3.1 15.00 108.00 123.00 NOTE
r-patched-linux-x86_64 3.1 11.84 84.52 96.36 NOTE
r-release-linux-x86_64 3.1 11.43 86.50 97.93 NOTE
r-release-macos-arm64 3.1 44.00 NOTE
r-release-macos-x86_64 3.1 67.00 NOTE
r-release-windows-x86_64 3.1 14.00 113.00 127.00 NOTE
r-oldrel-macos-arm64 3.1 46.00 OK
r-oldrel-macos-x86_64 3.1 77.00 OK
r-oldrel-windows-x86_64 3.1 20.00 127.00 147.00 OK

Check Details

Version: 3.1
Check: Rd files
Result: NOTE checkRd: (-1) createDemandSite.Rd:26: Lost braces 26 | \item{suppliers}{(optional) A list of object(s) inherited from the folowing classes: \code{\link[WRSS]{createAquifer}}, \code{\link[WRSS]{createRiver}}, \code{\link[WRSS]{createReservoir}}, code{\link[WRSS]{createDiversion}}.} | ^ checkRd: (-1) createDemandSite.base.Rd:26: Lost braces 26 | \item{suppliers}{(optional) A list of object(s) inherited from the folowing classes: \code{\link[WRSS]{createAquifer}}, \code{\link[WRSS]{createRiver}}, \code{\link[WRSS]{createReservoir}}, code{\link[WRSS]{createDiversion}}.} | ^ checkRd: (-1) createDemandSite.default.Rd:32: Lost braces 32 | \item{suppliers}{(optional) A list of object(s) inherited from the folowing classes: \code{\link[WRSS]{createAquifer}}, \code{\link[WRSS]{createRiver}}, \code{\link[WRSS]{createReservoir}}, code{\link[WRSS]{createDiversion}}.} | ^ Flavors: r-devel-linux-x86_64-debian-clang, r-devel-linux-x86_64-debian-gcc, r-devel-linux-x86_64-fedora-clang, r-devel-linux-x86_64-fedora-gcc, r-devel-windows-x86_64, r-patched-linux-x86_64, r-release-linux-x86_64, r-release-macos-arm64, r-release-macos-x86_64, r-release-windows-x86_64