CRAN Package Check Results for Package WMCapacity

Last updated on 2020-02-28 05:50:44 CET.

Flavor Version Tinstall Tcheck Ttotal Status Flags
r-devel-linux-x86_64-debian-clang 0.9.6.7 15.13 81.01 96.14 OK
r-devel-linux-x86_64-debian-gcc 0.9.6.7 12.07 64.12 76.19 OK
r-devel-linux-x86_64-fedora-clang 0.9.6.7 117.31 NOTE
r-devel-linux-x86_64-fedora-gcc 0.9.6.7 114.62 NOTE
r-devel-windows-ix86+x86_64 0.9.6.7 27.00 109.00 136.00 OK
r-devel-windows-ix86+x86_64-gcc8 0.9.6.7 24.00 109.00 133.00 OK
r-patched-linux-x86_64 0.9.6.7 12.10 72.46 84.56 OK
r-patched-solaris-x86 0.9.6.7 166.40 OK
r-release-linux-x86_64 0.9.6.7 12.37 72.31 84.68 OK
r-release-windows-ix86+x86_64 0.9.6.7 26.00 103.00 129.00 OK
r-release-osx-x86_64 0.9.6.7 OK
r-oldrel-windows-ix86+x86_64 0.9.6.7 17.00 104.00 121.00 OK
r-oldrel-osx-x86_64 0.9.6.7 OK

Check Details

Version: 0.9.6.7
Check: compiled code
Result: NOTE
    File ‘WMCapacity/libs/WMCapacity.so’:
     Found no calls to: ‘R_registerRoutines’, ‘R_useDynamicSymbols’
    
    It is good practice to register native routines and to disable symbol
    search.
    
    See ‘Writing portable packages’ in the ‘Writing R Extensions’ manual.
Flavors: r-devel-linux-x86_64-fedora-clang, r-devel-linux-x86_64-fedora-gcc