Last updated on 2023-09-26 12:07:43 CEST.
Flavor | Version | Tinstall | Tcheck | Ttotal | Status | Flags |
---|---|---|---|---|---|---|
r-devel-linux-x86_64-debian-clang | 1.0.0.1 | 8.90 | 70.94 | 79.84 | OK | |
r-devel-linux-x86_64-debian-gcc | 1.0.0.1 | 7.76 | 55.16 | 62.92 | OK | |
r-devel-linux-x86_64-fedora-clang | 1.0.0.1 | 100.17 | NOTE | |||
r-devel-linux-x86_64-fedora-gcc | 1.0.0.1 | 102.37 | OK | |||
r-devel-windows-x86_64 | 1.0.0.1 | 11.00 | 81.00 | 92.00 | OK | |
r-patched-linux-x86_64 | 1.0.0.1 | 7.89 | 68.43 | 76.32 | OK | |
r-release-linux-x86_64 | 1.0.0.1 | 7.14 | 68.42 | 75.56 | OK | |
r-release-macos-arm64 | 1.0.0.1 | 36.00 | OK | |||
r-release-macos-x86_64 | 1.0.0.1 | 57.00 | OK | |||
r-release-windows-x86_64 | 1.0.0.1 | 13.00 | 91.00 | 104.00 | OK | |
r-oldrel-macos-arm64 | 1.0.0.1 | 36.00 | OK | |||
r-oldrel-macos-x86_64 | 1.0.0.1 | 50.00 | OK | |||
r-oldrel-windows-x86_64 | 1.0.0.1 | 12.00 | 93.00 | 105.00 | OK |
Version: 1.0.0.1
Check: installed package size
Result: NOTE
installed size is 6.3Mb
sub-directories of 1Mb or more:
libs 6.2Mb
Flavor: r-devel-linux-x86_64-fedora-clang