Last updated on 2024-03-29 06:56:43 CET.
Flavor | Version | Tinstall | Tcheck | Ttotal | Status | Flags |
---|---|---|---|---|---|---|
r-devel-linux-x86_64-debian-clang | 1.72-5 | 70.51 | 468.32 | 538.83 | OK | |
r-devel-linux-x86_64-debian-gcc | 1.72-5 | 66.61 | 344.26 | 410.87 | OK | |
r-devel-linux-x86_64-fedora-clang | 1.72-5 | 768.43 | OK | |||
r-devel-linux-x86_64-fedora-gcc | 1.72-5 | 704.35 | OK | |||
r-devel-windows-x86_64 | 1.72-5 | 70.00 | 393.00 | 463.00 | OK | |
r-patched-linux-x86_64 | 1.72-5 | 62.96 | 447.68 | 510.64 | OK | |
r-release-linux-x86_64 | 1.72-5 | 59.71 | 456.57 | 516.28 | OK | |
r-release-macos-arm64 | 1.72-5 | 167.00 | NOTE | |||
r-release-macos-x86_64 | 1.72-5 | 355.00 | NOTE | |||
r-release-windows-x86_64 | 1.72-5 | 91.00 | 513.00 | 604.00 | OK | |
r-oldrel-macos-arm64 | 1.72-5 | 168.00 | NOTE | |||
r-oldrel-windows-x86_64 | 1.72-5 | 90.00 | 473.00 | 563.00 | OK |
Version: 1.72-5
Check: installed package size
Result: NOTE
installed size is 5.2Mb
sub-directories of 1Mb or more:
R 2.1Mb
libs 1.5Mb
Flavors: r-release-macos-arm64, r-release-macos-x86_64, r-oldrel-macos-arm64
Version: 1.72-5
Check: package dependencies
Result: NOTE
Package suggested but not available for checking: ‘org.Mm.eg.db’
Flavor: r-release-macos-x86_64