CRAN Package Check Results for Package WDI

Last updated on 2020-07-03 03:47:25 CEST.

Flavor Version Tinstall Tcheck Ttotal Status Flags
r-devel-linux-x86_64-debian-clang 2.7.0 2.94 23.00 25.94 OK
r-devel-linux-x86_64-debian-gcc 2.7.0 2.19 18.38 20.57 OK
r-devel-linux-x86_64-fedora-clang 2.7.0 41.00 NOTE
r-devel-linux-x86_64-fedora-gcc 2.7.0 30.50 NOTE
r-devel-windows-ix86+x86_64 2.7.0 8.00 45.00 53.00 OK
r-patched-linux-x86_64 2.7.0 2.73 22.82 25.55 OK
r-patched-solaris-x86 2.7.0 49.50 NOTE
r-release-linux-x86_64 2.7.0 2.56 22.77 25.33 OK
r-release-osx-x86_64 2.7.0 NOTE
r-release-windows-ix86+x86_64 2.7.0 8.00 49.00 57.00 OK
r-oldrel-osx-x86_64 2.7.0 NOTE
r-oldrel-windows-ix86+x86_64 2.7.0 6.00 46.00 52.00 OK

Check Details

Version: 2.7.0
Check: data for non-ASCII characters
Result: NOTE
     Note: found 1503 marked UTF-8 strings
Flavors: r-devel-linux-x86_64-fedora-clang, r-devel-linux-x86_64-fedora-gcc, r-patched-solaris-x86, r-release-osx-x86_64, r-oldrel-osx-x86_64