Last updated on 2023-03-22 12:54:06 CET.
Flavor | Version | Tinstall | Tcheck | Ttotal | Status | Flags |
---|---|---|---|---|---|---|
r-devel-linux-x86_64-debian-clang | 2.4.5 | 34.87 | 159.60 | 194.47 | OK | |
r-devel-linux-x86_64-debian-gcc | 2.4.5 | 26.79 | 115.53 | 142.32 | OK | |
r-devel-linux-x86_64-fedora-clang | 2.4.5 | 236.82 | NOTE | |||
r-devel-linux-x86_64-fedora-gcc | 2.4.5 | 236.43 | OK | |||
r-devel-windows-x86_64 | 2.4.5 | 177.00 | 213.00 | 390.00 | OK | |
r-patched-linux-x86_64 | 2.4.5 | 33.44 | 143.26 | 176.70 | OK | |
r-release-linux-x86_64 | 2.4.5 | 34.17 | 144.80 | 178.97 | OK | |
r-release-macos-arm64 | 2.4.5 | 61.00 | OK | |||
r-release-macos-x86_64 | 2.4.5 | 87.00 | OK | |||
r-release-windows-x86_64 | 2.4.5 | 132.00 | 190.00 | 322.00 | OK | |
r-oldrel-macos-arm64 | 2.4.5 | 62.00 | OK | |||
r-oldrel-macos-x86_64 | 2.4.5 | 89.00 | OK | |||
r-oldrel-windows-ix86+x86_64 | 2.4.5 | 78.00 | 266.00 | 344.00 | OK |
Version: 2.4.5
Check: Rd cross-references
Result: NOTE
Undeclared packages ‘foreach’, ‘copula’ in Rd xrefs
Flavor: r-devel-linux-x86_64-fedora-clang