Last updated on 2024-03-28 06:53:06 CET.
Flavor | Version | Tinstall | Tcheck | Ttotal | Status | Flags |
---|---|---|---|---|---|---|
r-devel-linux-x86_64-debian-clang | 0.2.1 | 7.88 | 89.79 | 97.67 | NOTE | |
r-devel-linux-x86_64-debian-gcc | 0.2.1 | 6.35 | 67.38 | 73.73 | NOTE | |
r-devel-linux-x86_64-fedora-clang | 0.2.1 | 117.45 | NOTE | |||
r-devel-linux-x86_64-fedora-gcc | 0.2.1 | 118.05 | NOTE | |||
r-devel-windows-x86_64 | 0.2.1 | 7.00 | 81.00 | 88.00 | NOTE | |
r-patched-linux-x86_64 | 0.2.1 | 8.69 | 85.74 | 94.43 | OK | |
r-release-linux-x86_64 | 0.2.1 | 8.76 | 88.03 | 96.79 | OK | |
r-release-macos-arm64 | 0.2.1 | 39.00 | OK | |||
r-release-macos-x86_64 | 0.2.1 | 65.00 | OK | |||
r-release-windows-x86_64 | 0.2.1 | 10.00 | 96.00 | 106.00 | OK | |
r-oldrel-macos-arm64 | 0.2.1 | 33.00 | OK | |||
r-oldrel-windows-x86_64 | 0.2.1 | 11.00 | 99.00 | 110.00 | OK |
Version: 0.2.1
Check: Rd files
Result: NOTE
checkRd: (-1) simulateDCSIS.Rd:40: Lost braces
40 | Y = 6*X1 + 1.5*X2 + 9*1{X12 < 0} + exp(2*X22)*e
| ^
checkRd: (-1) simulateDCSIS.Rd:42: Lost braces
42 | Y = 6*X1 + 1.5*X2 + 9*1{X12 < 0} + 6*X22 + e
| ^
Flavors: r-devel-linux-x86_64-debian-clang, r-devel-linux-x86_64-debian-gcc, r-devel-linux-x86_64-fedora-clang, r-devel-linux-x86_64-fedora-gcc, r-devel-windows-x86_64