CRAN Package Check Results for Package VariableScreening

Last updated on 2022-06-28 21:51:35 CEST.

Flavor Version Tinstall Tcheck Ttotal Status Flags
r-devel-linux-x86_64-debian-clang 0.2.1 9.17 90.24 99.41 OK
r-devel-linux-x86_64-debian-gcc 0.2.1 6.80 67.61 74.41 OK
r-devel-linux-x86_64-fedora-clang 0.2.1 127.85 OK
r-devel-linux-x86_64-fedora-gcc 0.2.1 127.29 OK
r-devel-windows-x86_64 0.2.0 68.00 108.00 176.00 NOTE
r-patched-linux-x86_64 0.2.1 8.48 85.65 94.13 OK
r-release-linux-x86_64 0.2.1 9.76 85.42 95.18 OK
r-release-macos-arm64 0.2.1 33.00 OK
r-release-macos-x86_64 0.2.1 54.00 OK
r-release-windows-x86_64 0.2.0 31.00 104.00 135.00 NOTE
r-oldrel-macos-arm64 0.2.1 37.00 OK
r-oldrel-macos-x86_64 0.2.1 49.00 OK
r-oldrel-windows-ix86+x86_64 0.2.1 18.00 109.00 127.00 OK

Check Details

Version: 0.2.0
Check: LazyData
Result: NOTE
     'LazyData' is specified without a 'data' directory
Flavors: r-devel-windows-x86_64, r-release-windows-x86_64