Last updated on 2023-03-24 06:50:52 CET.
Flavor | Version | Tinstall | Tcheck | Ttotal | Status | Flags |
---|---|---|---|---|---|---|
r-devel-linux-x86_64-debian-clang | 2.1.3.1 | 337.05 | 172.64 | 509.69 | OK | |
r-devel-linux-x86_64-debian-gcc | 2.1.3.1 | 256.16 | 114.61 | 370.77 | OK | |
r-devel-linux-x86_64-fedora-clang | 2.1.3.1 | 758.92 | OK | |||
r-devel-linux-x86_64-fedora-gcc | 2.1.3.1 | 662.19 | OK | |||
r-devel-windows-x86_64 | 2.1.3.1 | 253.00 | 229.00 | 482.00 | OK | |
r-patched-linux-x86_64 | 2.1.3.1 | 263.25 | 145.43 | 408.68 | OK | |
r-release-linux-x86_64 | 2.1.3.1 | 274.41 | 145.22 | 419.63 | OK | |
r-release-macos-arm64 | 2.1.3.1 | 148.00 | NOTE | |||
r-release-macos-x86_64 | 2.1.3.1 | 266.00 | NOTE | |||
r-release-windows-x86_64 | 2.1.3.1 | 275.00 | 251.00 | 526.00 | OK | |
r-oldrel-macos-arm64 | 2.1.3.1 | 192.00 | NOTE | |||
r-oldrel-macos-x86_64 | 2.1.3.1 | 281.00 | NOTE | |||
r-oldrel-windows-ix86+x86_64 | 2.1.3.1 | 808.00 | 276.00 | 1084.00 | OK |
Version: 2.1.3.1
Check: installed package size
Result: NOTE
installed size is 9.0Mb
sub-directories of 1Mb or more:
libs 8.2Mb
Flavors: r-release-macos-arm64, r-release-macos-x86_64, r-oldrel-macos-arm64, r-oldrel-macos-x86_64