Last updated on 2024-04-18 21:57:09 CEST.
Flavor | Version | Tinstall | Tcheck | Ttotal | Status | Flags |
---|---|---|---|---|---|---|
r-devel-linux-x86_64-debian-clang | 1.0.1 | 48.03 | 56.44 | 104.47 | NOTE | |
r-devel-linux-x86_64-debian-gcc | 1.0.1 | 38.84 | 89.59 | 128.43 | NOTE | |
r-devel-linux-x86_64-fedora-clang | 1.0.1 | 166.78 | NOTE | |||
r-devel-linux-x86_64-fedora-gcc | 1.0.1 | 189.48 | NOTE | |||
r-prerel-macos-arm64 | 1.0.1 | 44.00 | NOTE | |||
r-prerel-windows-x86_64 | 1.0.1 | 37.00 | 231.00 | 268.00 | NOTE | |
r-patched-linux-x86_64 | 1.0.1 | 44.74 | 90.30 | 135.04 | NOTE | |
r-release-linux-x86_64 | 1.0.1 | 42.20 | 78.74 | 120.94 | NOTE | |
r-release-macos-arm64 | 1.0.1 | 46.00 | NOTE | |||
r-release-macos-x86_64 | 1.0.1 | 77.00 | NOTE | |||
r-release-windows-x86_64 | 1.0.1 | 41.00 | 97.00 | 138.00 | NOTE | |
r-oldrel-macos-arm64 | 1.0.1 | 49.00 | NOTE | |||
r-oldrel-windows-x86_64 | 1.0.1 | 45.00 | 105.00 | 150.00 | OK |
Version: 1.0.1
Check: C++ specification
Result: NOTE
Specified C++11: please drop specification unless essential
Flavors: r-devel-linux-x86_64-debian-clang, r-devel-linux-x86_64-debian-gcc, r-devel-linux-x86_64-fedora-clang, r-devel-linux-x86_64-fedora-gcc, r-prerel-macos-arm64, r-prerel-windows-x86_64, r-patched-linux-x86_64, r-release-linux-x86_64, r-release-macos-arm64, r-release-macos-x86_64, r-release-windows-x86_64
Version: 1.0.1
Check: installed package size
Result: NOTE
installed size is 5.2Mb
sub-directories of 1Mb or more:
libs 3.6Mb
Flavors: r-prerel-macos-arm64, r-release-macos-arm64, r-release-macos-x86_64, r-oldrel-macos-arm64