CRAN Package Check Results for Package VMDecomp

Last updated on 2022-09-28 12:55:33 CEST.

Flavor Version Tinstall Tcheck Ttotal Status Flags
r-devel-linux-x86_64-debian-clang 1.0.1 46.15 95.83 141.98 OK
r-devel-linux-x86_64-debian-gcc 1.0.1 33.11 54.61 87.72 OK
r-devel-linux-x86_64-fedora-clang 1.0.1 180.55 OK
r-devel-linux-x86_64-fedora-gcc 1.0.1 161.96 OK
r-devel-windows-x86_64 1.0.1 48.00 111.00 159.00 OK
r-patched-linux-x86_64 1.0.1 38.38 76.00 114.38 OK
r-release-linux-x86_64 1.0.1 38.19 76.15 114.34 OK
r-release-macos-arm64 1.0.1 36.00 NOTE
r-release-macos-x86_64 1.0.1 54.00 NOTE
r-release-windows-x86_64 1.0.1 57.00 114.00 171.00 OK
r-oldrel-macos-arm64 1.0.1 33.00 NOTE
r-oldrel-macos-x86_64 1.0.1 52.00 NOTE
r-oldrel-windows-ix86+x86_64 1.0.1 106.00 140.00 246.00 OK

Check Details

Version: 1.0.1
Check: installed package size
Result: NOTE
     installed size is 5.3Mb
     sub-directories of 1Mb or more:
     libs 3.8Mb
Flavors: r-release-macos-arm64, r-release-macos-x86_64, r-oldrel-macos-arm64, r-oldrel-macos-x86_64