Last updated on 2023-12-09 12:49:40 CET.
Flavor | Version | Tinstall | Tcheck | Ttotal | Status | Flags |
---|---|---|---|---|---|---|
r-devel-linux-x86_64-debian-clang | 1.3 | 145.25 | 103.71 | 248.96 | NOTE | |
r-devel-linux-x86_64-debian-gcc | 1.3 | 100.09 | 90.56 | 190.65 | NOTE | |
r-devel-linux-x86_64-fedora-clang | 1.3 | 361.06 | NOTE | |||
r-devel-linux-x86_64-fedora-gcc | 1.3 | 346.18 | NOTE | |||
r-devel-windows-x86_64 | 1.3 | 112.00 | 108.00 | 220.00 | NOTE | |
r-patched-linux-x86_64 | 1.3 | 119.53 | 103.71 | 223.24 | NOTE | |
r-release-linux-x86_64 | 1.3 | 123.26 | 106.22 | 229.48 | NOTE | |
r-release-macos-arm64 | 1.3 | 85.00 | NOTE | |||
r-release-macos-x86_64 | 1.3 | 145.00 | NOTE | |||
r-release-windows-x86_64 | 1.3 | 133.00 | 131.00 | 264.00 | NOTE | |
r-oldrel-macos-arm64 | 1.3 | 80.00 | NOTE | |||
r-oldrel-macos-x86_64 | 1.3 | 103.00 | NOTE | |||
r-oldrel-windows-x86_64 | 1.3 | 135.00 | 127.00 | 262.00 | OK |
Version: 1.3
Check: C++ specification
Result: NOTE
Specified C++11: please drop specification unless essential
Flavors: r-devel-linux-x86_64-debian-clang, r-devel-linux-x86_64-debian-gcc, r-devel-linux-x86_64-fedora-clang, r-devel-linux-x86_64-fedora-gcc, r-devel-windows-x86_64, r-patched-linux-x86_64, r-release-linux-x86_64, r-release-macos-arm64, r-release-macos-x86_64, r-release-windows-x86_64
Version: 1.3
Check: Rd files
Result: NOTE
checkRd: (-1) veWaningVariant.Rd:94: Lost braces; missing escapes or markup?
94 | Must be one of {'lin', 'piece', 'splin', 'spcub'} for the linear,
| ^
Flavors: r-devel-linux-x86_64-debian-clang, r-devel-linux-x86_64-debian-gcc
Version: 1.3
Check: installed package size
Result: NOTE
installed size is 5.3Mb
sub-directories of 1Mb or more:
libs 4.6Mb
Flavors: r-release-macos-arm64, r-release-macos-x86_64, r-oldrel-macos-arm64, r-oldrel-macos-x86_64