Last updated on 2023-04-02 06:50:47 CEST.
Flavor | Version | Tinstall | Tcheck | Ttotal | Status | Flags |
---|---|---|---|---|---|---|
r-devel-linux-x86_64-debian-clang | 0.1.6 | 57.54 | 96.04 | 153.58 | NOTE | |
r-devel-linux-x86_64-debian-gcc | 0.1.6 | 43.17 | 69.04 | 112.21 | NOTE | |
r-devel-linux-x86_64-fedora-clang | 0.1.6 | 198.26 | NOTE | |||
r-devel-linux-x86_64-fedora-gcc | 0.1.6 | 191.78 | NOTE | |||
r-devel-windows-x86_64 | 0.1.6 | 65.00 | 149.00 | 214.00 | NOTE | |
r-patched-linux-x86_64 | 0.1.6 | 50.27 | 86.87 | 137.14 | NOTE | |
r-release-linux-x86_64 | 0.1.6 | 45.15 | 86.40 | 131.55 | OK | |
r-release-macos-arm64 | 0.1.6 | 52.00 | OK | |||
r-release-macos-x86_64 | 0.1.6 | 71.00 | OK | |||
r-release-windows-x86_64 | 0.1.6 | 77.00 | 149.00 | 226.00 | OK | |
r-oldrel-macos-arm64 | 0.1.6 | 60.00 | OK | |||
r-oldrel-macos-x86_64 | 0.1.6 | 70.00 | OK | |||
r-oldrel-windows-ix86+x86_64 | 0.1.6 | 120.00 | 174.00 | 294.00 | OK |
Version: 0.1.6
Check: C++ specification
Result: NOTE
Specified C++11: please drop specification unless essential
Flavors: r-devel-linux-x86_64-debian-clang, r-devel-linux-x86_64-debian-gcc, r-devel-linux-x86_64-fedora-clang, r-devel-linux-x86_64-fedora-gcc, r-devel-windows-x86_64, r-patched-linux-x86_64