Last updated on 2024-03-28 12:50:51 CET.
Flavor | Version | Tinstall | Tcheck | Ttotal | Status | Flags |
---|---|---|---|---|---|---|
r-devel-linux-x86_64-debian-clang | 1.1.0 | 43.41 | 431.65 | 475.06 | OK | |
r-devel-linux-x86_64-debian-gcc | 1.1.0 | 36.90 | 319.49 | 356.39 | OK | |
r-devel-linux-x86_64-fedora-clang | 1.1.0 | 650.31 | NOTE | |||
r-devel-linux-x86_64-fedora-gcc | 1.1.0 | 625.53 | OK | |||
r-devel-windows-x86_64 | 1.1.0 | 41.00 | 299.00 | 340.00 | NOTE | |
r-patched-linux-x86_64 | 1.1.0 | 42.01 | 421.44 | 463.45 | OK | |
r-release-linux-x86_64 | 1.1.0 | 49.15 | 437.23 | 486.38 | OK | |
r-release-macos-arm64 | 1.1.0 | 161.00 | NOTE | |||
r-release-macos-x86_64 | 1.1.0 | 268.00 | NOTE | |||
r-release-windows-x86_64 | 1.1.0 | 57.00 | 407.00 | 464.00 | NOTE | |
r-oldrel-macos-arm64 | 1.1.0 | 133.00 | NOTE | |||
r-oldrel-windows-x86_64 | 1.1.0 | 55.00 | 360.00 | 415.00 | NOTE |
Version: 1.1.0
Check: installed package size
Result: NOTE
installed size is 9.5Mb
sub-directories of 1Mb or more:
extdata 8.7Mb
Flavors: r-devel-linux-x86_64-fedora-clang, r-devel-windows-x86_64, r-release-macos-arm64, r-release-macos-x86_64, r-release-windows-x86_64, r-oldrel-macos-arm64, r-oldrel-windows-x86_64