Last updated on 2024-03-28 12:50:51 CET.
Flavor | Version | Tinstall | Tcheck | Ttotal | Status | Flags |
---|---|---|---|---|---|---|
r-devel-linux-x86_64-debian-clang | 0.1.0 | 336.33 | 137.64 | 473.97 | OK | |
r-devel-linux-x86_64-debian-gcc | 0.1.0 | 299.92 | 153.46 | 453.38 | OK | |
r-devel-linux-x86_64-fedora-clang | 0.1.0 | 732.20 | OK | |||
r-devel-linux-x86_64-fedora-gcc | 0.1.0 | 828.60 | OK | |||
r-devel-windows-x86_64 | 0.1.0 | 273.00 | 151.00 | 424.00 | OK | |
r-patched-linux-x86_64 | 0.1.0 | 325.44 | 177.52 | 502.96 | OK | |
r-release-linux-x86_64 | 0.1.0 | 351.01 | 184.50 | 535.51 | OK | |
r-release-macos-arm64 | 0.1.0 | 180.00 | NOTE | |||
r-release-macos-x86_64 | 0.1.0 | 283.00 | NOTE | |||
r-release-windows-x86_64 | 0.1.0 | 341.00 | 183.00 | 524.00 | OK | |
r-oldrel-macos-arm64 | 0.1.0 | 109.00 | NOTE | |||
r-oldrel-windows-x86_64 | 0.1.0 | 343.00 | 186.00 | 529.00 | OK |
Version: 0.1.0
Check: installed package size
Result: NOTE
installed size is 26.2Mb
sub-directories of 1Mb or more:
doc 2.2Mb
libs 23.8Mb
Flavors: r-release-macos-arm64, r-release-macos-x86_64, r-oldrel-macos-arm64