CRAN Package Check Results for Package V8

Last updated on 2022-09-28 03:55:10 CEST.

Flavor Version Tinstall Tcheck Ttotal Status Flags
r-devel-linux-x86_64-debian-clang 4.2.1 28.11 41.25 69.36 OK
r-devel-linux-x86_64-debian-gcc 4.2.1 18.69 32.34 51.03 OK
r-devel-linux-x86_64-fedora-gcc 4.2.1 101.91 OK
r-devel-windows-x86_64 4.2.1 73.00 210.00 283.00 NOTE
r-patched-linux-x86_64 4.2.1 20.54 41.08 61.62 OK
r-release-linux-x86_64 4.2.1 22.79 40.18 62.97 OK
r-release-macos-arm64 4.2.1 49.00 NOTE
r-release-macos-x86_64 4.2.1 125.00 NOTE
r-release-windows-x86_64 4.2.1 87.00 207.00 294.00 NOTE
r-oldrel-macos-arm64 4.2.1 53.00 NOTE
r-oldrel-macos-x86_64 4.2.1 116.00 NOTE
r-oldrel-windows-ix86+x86_64 4.2.1 114.00 205.00 319.00 NOTE

Check Details

Version: 4.2.1
Check: installed package size
Result: NOTE
     installed size is 17.1Mb
     sub-directories of 1Mb or more:
     doc 1.7Mb
     libs 15.3Mb
Flavors: r-devel-windows-x86_64, r-release-macos-arm64, r-release-macos-x86_64, r-release-windows-x86_64, r-oldrel-macos-arm64, r-oldrel-macos-x86_64, r-oldrel-windows-ix86+x86_64