Last updated on 2023-02-06 06:52:13 CET.
Flavor | Version | Tinstall | Tcheck | Ttotal | Status | Flags |
---|---|---|---|---|---|---|
r-devel-linux-x86_64-debian-clang | 1.0 | 39.95 | 75.15 | 115.10 | NOTE | |
r-devel-linux-x86_64-debian-gcc | 1.0 | 30.15 | 58.34 | 88.49 | NOTE | |
r-devel-linux-x86_64-fedora-clang | 1.0 | 156.73 | NOTE | |||
r-devel-linux-x86_64-fedora-gcc | 1.0 | 145.70 | NOTE | |||
r-devel-windows-x86_64 | 1.0 | 56.00 | 128.00 | 184.00 | NOTE | |
r-patched-linux-x86_64 | 1.0 | 34.50 | 74.37 | 108.87 | OK | |
r-release-linux-x86_64 | 1.0 | 33.94 | 73.26 | 107.20 | OK | |
r-release-macos-arm64 | 1.0 | 44.00 | OK | |||
r-release-macos-x86_64 | 1.0 | 54.00 | OK | |||
r-release-windows-x86_64 | 1.0 | 48.00 | 127.00 | 175.00 | OK | |
r-oldrel-macos-arm64 | 1.0 | 46.00 | OK | |||
r-oldrel-macos-x86_64 | 1.0 | 77.00 | OK | |||
r-oldrel-windows-ix86+x86_64 | 1.0 | 95.00 | 154.00 | 249.00 | OK |
Version: 1.0
Check: C++ specification
Result: NOTE
Specified C++11: please update to current default of C++17
Flavors: r-devel-linux-x86_64-debian-clang, r-devel-linux-x86_64-debian-gcc, r-devel-linux-x86_64-fedora-clang, r-devel-linux-x86_64-fedora-gcc, r-devel-windows-x86_64