CRAN Package Check Results for Package UPG

Last updated on 2022-01-27 02:51:45 CET.

Flavor Version Tinstall Tcheck Ttotal Status Flags
r-devel-linux-x86_64-debian-clang 0.2.2 101.67 80.96 182.63 OK
r-devel-linux-x86_64-debian-gcc 0.2.2 72.63 59.76 132.39 OK
r-devel-linux-x86_64-fedora-clang 0.2.2 256.09 NOTE
r-devel-linux-x86_64-fedora-gcc 0.2.2 237.62 NOTE
r-devel-windows-x86_64-new-UL 0.2.2 92.00 145.00 237.00 OK
r-devel-windows-x86_64-new-TK 0.2.2 NOTE
r-patched-linux-x86_64 0.2.2 92.78 72.55 165.33 OK
r-release-linux-x86_64 0.2.2 86.69 73.10 159.79 OK
r-release-macos-arm64 0.2.2 NOTE
r-release-macos-x86_64 0.2.2 NOTE
r-release-windows-ix86+x86_64 0.2.2 231.00 133.00 364.00 OK
r-oldrel-macos-x86_64 0.2.2 NOTE
r-oldrel-windows-ix86+x86_64 0.2.2 231.00 133.00 364.00 OK

Check Details

Version: 0.2.2
Check: installed package size
Result: NOTE
     installed size is 6.0Mb
     sub-directories of 1Mb or more:
     libs 5.3Mb
Flavors: r-devel-linux-x86_64-fedora-clang, r-release-macos-arm64, r-release-macos-x86_64, r-oldrel-macos-x86_64

Version: 0.2.2
Check: dependencies in R code
Result: NOTE
    Namespace in Imports field not imported from: ‘RcppProgress’
     All declared Imports should be used.
Flavors: r-devel-linux-x86_64-fedora-clang, r-devel-linux-x86_64-fedora-gcc, r-devel-windows-x86_64-new-TK, r-release-macos-arm64, r-release-macos-x86_64, r-oldrel-macos-x86_64