CRAN Package Check Results for Package UCSCXenaShiny

Last updated on 2020-08-12 21:50:01 CEST.

Flavor Version Tinstall Tcheck Ttotal Status Flags
r-devel-linux-x86_64-debian-clang 0.5.0 0.75 2.49 3.24 ERROR
r-devel-linux-x86_64-debian-gcc 0.5.0 5.47 39.05 44.52 OK
r-devel-linux-x86_64-fedora-clang 0.5.0 81.60 NOTE
r-devel-linux-x86_64-fedora-gcc 0.5.0 66.10 NOTE
r-devel-windows-ix86+x86_64 0.5.0 27.00 89.00 116.00 OK
r-patched-linux-x86_64 0.5.0 5.54 49.36 54.90 OK
r-patched-solaris-x86 0.5.0 117.20 NOTE
r-release-linux-x86_64 0.5.0 0.49 2.32 2.81 ERROR
r-release-macos-x86_64 0.5.0 NOTE
r-release-windows-ix86+x86_64 0.5.0 26.00 92.00 118.00 OK
r-oldrel-macos-x86_64 0.5.0 NOTE
r-oldrel-windows-ix86+x86_64 0.5.0 14.00 62.00 76.00 OK

Check Details

Version: 0.5.0
Check: package dependencies
Result: ERROR
    Packages required but not available: 'ggpubr', 'plotly'
    
    See section 'The DESCRIPTION file' in the 'Writing R Extensions'
    manual.
Flavors: r-devel-linux-x86_64-debian-clang, r-release-linux-x86_64

Version: 0.5.0
Check: dependencies in R code
Result: NOTE
    Namespaces in Imports field not imported from:
     ‘DT’ ‘RColorBrewer’ ‘plotly’ ‘shinyBS’ ‘shinyWidgets’ ‘shinyjs’
     ‘shinythemes’ ‘zip’
     All declared Imports should be used.
Flavors: r-devel-linux-x86_64-fedora-clang, r-devel-linux-x86_64-fedora-gcc, r-patched-solaris-x86, r-release-macos-x86_64, r-oldrel-macos-x86_64

Version: 0.5.0
Check: data for non-ASCII characters
Result: NOTE
     Note: found 162 marked UTF-8 strings
Flavors: r-devel-linux-x86_64-fedora-clang, r-devel-linux-x86_64-fedora-gcc, r-patched-solaris-x86, r-release-macos-x86_64, r-oldrel-macos-x86_64