Last updated on 2023-03-23 12:52:23 CET.
Flavor | Version | Tinstall | Tcheck | Ttotal | Status | Flags |
---|---|---|---|---|---|---|
r-devel-linux-x86_64-debian-clang | 1.1.10 | 13.44 | 109.80 | 123.24 | OK | |
r-devel-linux-x86_64-debian-gcc | 1.1.10 | 11.40 | 80.79 | 92.19 | OK | |
r-devel-linux-x86_64-fedora-clang | 1.1.10 | 153.14 | NOTE | |||
r-devel-linux-x86_64-fedora-gcc | 1.1.10 | 170.62 | OK | |||
r-devel-windows-x86_64 | 1.1.10 | 125.00 | 175.00 | 300.00 | NOTE | |
r-patched-linux-x86_64 | 1.1.10 | 14.96 | 103.27 | 118.23 | OK | |
r-release-linux-x86_64 | 1.1.10 | 12.68 | 103.25 | 115.93 | OK | |
r-release-macos-arm64 | 1.1.10 | 38.00 | NOTE | |||
r-release-macos-x86_64 | 1.1.10 | 72.00 | NOTE | |||
r-release-windows-x86_64 | 1.1.10 | 143.00 | 165.00 | 308.00 | NOTE | |
r-oldrel-macos-arm64 | 1.1.10 | 53.00 | NOTE | |||
r-oldrel-macos-x86_64 | 1.1.10 | 71.00 | NOTE | |||
r-oldrel-windows-ix86+x86_64 | 1.1.10 | 31.00 | 141.00 | 172.00 | NOTE |
Version: 1.1.10
Check: installed package size
Result: NOTE
installed size is 6.9Mb
sub-directories of 1Mb or more:
doc 1.4Mb
shinyapp 3.4Mb
Flavors: r-devel-linux-x86_64-fedora-clang, r-devel-windows-x86_64, r-release-macos-arm64, r-release-macos-x86_64, r-release-windows-x86_64, r-oldrel-macos-arm64, r-oldrel-macos-x86_64, r-oldrel-windows-ix86+x86_64