CRAN Package Check Results for Package TwoStepCLogit

Last updated on 2024-07-25 06:52:31 CEST.

Flavor Version Tinstall Tcheck Ttotal Status Flags
r-devel-linux-x86_64-debian-clang 1.2.5 8.76 72.52 81.28 OK
r-devel-linux-x86_64-debian-gcc 1.2.5 5.94 55.67 61.61 NOTE
r-devel-linux-x86_64-fedora-clang 1.2.5 98.30 OK
r-devel-linux-x86_64-fedora-gcc 1.2.5 93.70 OK
r-devel-windows-x86_64 1.2.5 7.00 68.00 75.00 NOTE
r-patched-linux-x86_64 1.2.5 8.13 67.78 75.91 OK
r-release-linux-x86_64 1.2.5 8.20 68.87 77.07 OK
r-release-macos-arm64 1.2.5 30.00 OK
r-release-macos-x86_64 1.2.5 46.00 OK
r-release-windows-x86_64 1.2.5 7.00 69.00 76.00 OK
r-oldrel-macos-arm64 1.2.5 33.00 OK
r-oldrel-macos-x86_64 1.2.5 55.00 OK
r-oldrel-windows-x86_64 1.2.5 9.00 81.00 90.00 OK

Check Details

Version: 1.2.5
Check: Rd cross-references
Result: NOTE Found the following Rd file(s) with Rd \link{} targets missing package anchors: Ts.estim.Rd: coxph Please provide package anchors for all Rd \link{} targets not in the package itself and the base packages. Flavors: r-devel-linux-x86_64-debian-gcc, r-devel-windows-x86_64