Last updated on 2024-04-19 21:56:44 CEST.
Flavor | Version | Tinstall | Tcheck | Ttotal | Status | Flags |
---|---|---|---|---|---|---|
r-devel-linux-x86_64-debian-clang | 1.3-42 | 12.73 | 109.93 | 122.66 | OK | |
r-devel-linux-x86_64-debian-gcc | 1.3-42 | OK | ||||
r-devel-linux-x86_64-fedora-clang | 1.3-42 | 156.55 | NOTE | |||
r-devel-linux-x86_64-fedora-gcc | 1.3-42 | 148.33 | OK | |||
r-prerel-macos-arm64 | 1.3-42 | 45.00 | OK | |||
r-prerel-windows-x86_64 | 1.3-42 | 12.00 | 200.00 | 212.00 | OK | |
r-patched-linux-x86_64 | 1.3-42 | 19.95 | 108.23 | 128.18 | OK | |
r-release-linux-x86_64 | 1.3-42 | 11.69 | 111.84 | 123.53 | OK | |
r-release-macos-arm64 | 1.3-42 | 52.00 | OK | |||
r-release-macos-x86_64 | 1.3-42 | 119.00 | OK | |||
r-release-windows-x86_64 | 1.3-42 | 15.00 | 124.00 | 139.00 | OK | |
r-oldrel-macos-arm64 | 1.3-42 | 48.00 | OK | |||
r-oldrel-windows-x86_64 | 1.3-42 | 15.00 | 132.00 | 147.00 | OK |
Version: 1.3-42
Check: Rd cross-references
Result: NOTE
Undeclared packages ‘multcomp’, ‘agricolae’ in Rd xrefs
Flavor: r-devel-linux-x86_64-fedora-clang