Last updated on 2023-11-29 12:06:12 CET.
Flavor | Version | Tinstall | Tcheck | Ttotal | Status | Flags |
---|---|---|---|---|---|---|
r-devel-linux-x86_64-debian-clang | 1.1.1 | 11.69 | 160.49 | 172.18 | NOTE | |
r-devel-linux-x86_64-debian-gcc | 1.1.1 | 12.03 | 122.17 | 134.20 | NOTE | |
r-devel-linux-x86_64-fedora-clang | 1.1.1 | 231.91 | OK | |||
r-devel-linux-x86_64-fedora-gcc | 1.1.1 | 221.24 | OK | |||
r-devel-windows-x86_64 | 1.1.1 | 13.00 | 171.00 | 184.00 | OK | |
r-patched-linux-x86_64 | 1.1.1 | 17.45 | 155.36 | 172.81 | OK | |
r-release-linux-x86_64 | 1.1.1 | 11.60 | 155.73 | 167.33 | OK | |
r-release-macos-arm64 | 1.1.1 | 89.00 | OK | |||
r-release-macos-x86_64 | 1.1.1 | 143.00 | OK | |||
r-release-windows-x86_64 | 1.1.1 | 17.00 | 202.00 | 219.00 | OK | |
r-oldrel-macos-arm64 | 1.1.1 | 78.00 | OK | |||
r-oldrel-macos-x86_64 | 1.1.1 | 94.00 | OK | |||
r-oldrel-windows-x86_64 | 1.1.1 | 18.00 | 182.00 | 200.00 | OK |
Version: 1.1.1
Check: Rd files
Result: NOTE
checkRd: (-1) DRYAIR.Rd:18: Lost braces in \itemize; \value handles \item{}{} directly
checkRd: (-1) DRYAIR.Rd:19: Lost braces in \itemize; \value handles \item{}{} directly
checkRd: (-1) DRYAIR.Rd:20: Lost braces in \itemize; \value handles \item{}{} directly
checkRd: (-1) DRYAIR.Rd:21: Lost braces in \itemize; \value handles \item{}{} directly
checkRd: (-1) DRYAIR.Rd:22: Lost braces in \itemize; \value handles \item{}{} directly
checkRd: (-1) DRYAIR.Rd:23: Lost braces in \itemize; \value handles \item{}{} directly
checkRd: (-1) DRYAIR.Rd:24: Lost braces in \itemize; \value handles \item{}{} directly
checkRd: (-1) DRYAIR.Rd:25: Lost braces in \itemize; \value handles \item{}{} directly
checkRd: (-1) DRYAIR.Rd:26: Lost braces in \itemize; \value handles \item{}{} directly
checkRd: (-1) DRYAIR.Rd:27: Lost braces in \itemize; \value handles \item{}{} directly
checkRd: (-1) DRYAIR.Rd:28: Lost braces in \itemize; \value handles \item{}{} directly
checkRd: (-1) WETAIR.Rd:41: Lost braces in \itemize; meant \describe ?
checkRd: (-1) WETAIR.Rd:42: Lost braces in \itemize; meant \describe ?
checkRd: (-1) WETAIR.Rd:22: Lost braces in \itemize; \value handles \item{}{} directly
checkRd: (-1) WETAIR.Rd:23: Lost braces in \itemize; \value handles \item{}{} directly
checkRd: (-1) WETAIR.Rd:24: Lost braces in \itemize; \value handles \item{}{} directly
checkRd: (-1) WETAIR.Rd:25: Lost braces in \itemize; \value handles \item{}{} directly
checkRd: (-1) WETAIR.Rd:26: Lost braces in \itemize; \value handles \item{}{} directly
checkRd: (-1) WETAIR.Rd:27: Lost braces in \itemize; \value handles \item{}{} directly
checkRd: (-1) WETAIR.Rd:28: Lost braces in \itemize; \value handles \item{}{} directly
checkRd: (-1) WETAIR.Rd:29: Lost braces in \itemize; \value handles \item{}{} directly
checkRd: (-1) WETAIR.Rd:30: Lost braces in \itemize; \value handles \item{}{} directly
checkRd: (-1) diurnal_temp_variation_sineexp.Rd:41: Lost braces in \itemize; meant \describe ?
checkRd: (-1) diurnal_temp_variation_sineexp.Rd:42: Lost braces in \itemize; meant \describe ?
checkRd: (-1) diurnal_temp_variation_sineexp.Rd:43: Lost braces in \itemize; meant \describe ?
checkRd: (-1) diurnal_temp_variation_sineexp.Rd:44: Lost braces in \itemize; meant \describe ?
Flavors: r-devel-linux-x86_64-debian-clang, r-devel-linux-x86_64-debian-gcc