CRAN Package Check Results for Package TreeSearch

Last updated on 2020-02-21 12:49:02 CET.

Flavor Version Tinstall Tcheck Ttotal Status Flags
r-devel-linux-x86_64-debian-clang 0.4.0 15.49 201.84 217.33 OK
r-devel-linux-x86_64-debian-gcc 0.4.0 12.45 148.92 161.37 OK
r-devel-linux-x86_64-fedora-clang 0.4.0 254.53 OK
r-devel-linux-x86_64-fedora-gcc 0.4.0 265.66 OK
r-devel-windows-ix86+x86_64 0.4.0 34.00 234.00 268.00 OK
r-devel-windows-ix86+x86_64-gcc8 0.4.0 18.00 8.00 26.00 ERROR
r-patched-linux-x86_64 0.4.0 13.24 176.30 189.54 OK
r-patched-solaris-x86 0.4.0 361.70 OK
r-release-linux-x86_64 0.4.0 12.22 175.63 187.85 OK
r-release-windows-ix86+x86_64 0.4.0 31.00 241.00 272.00 OK
r-release-osx-x86_64 0.4.0 OK
r-oldrel-windows-ix86+x86_64 0.4.0 30.00 239.00 269.00 OK
r-oldrel-osx-x86_64 0.4.0 OK

Check Details

Version: 0.4.0
Check: whether package can be installed
Result: ERROR
    Installation failed.
Flavor: r-devel-windows-ix86+x86_64-gcc8