CRAN Package Check Results for Package TreeSearch

Last updated on 2020-09-23 13:05:07 CEST.

Flavor Version Tinstall Tcheck Ttotal Status Flags
r-devel-linux-x86_64-debian-clang 0.4.3 14.30 224.09 238.39 OK
r-devel-linux-x86_64-debian-gcc 0.4.3 12.33 164.44 176.77 OK
r-devel-linux-x86_64-fedora-clang 0.4.3 307.77 WARN
r-devel-linux-x86_64-fedora-gcc 0.4.3 292.04 OK
r-devel-windows-ix86+x86_64 0.4.3 42.00 351.00 393.00 OK
r-patched-linux-x86_64 0.4.3 15.05 215.59 230.64 OK
r-patched-solaris-x86 0.4.3 395.70 OK
r-release-linux-x86_64 0.4.3 15.23 216.24 231.47 OK
r-release-macos-x86_64 0.4.3 OK
r-release-windows-ix86+x86_64 0.4.3 51.00 352.00 403.00 OK
r-oldrel-macos-x86_64 0.4.3 OK
r-oldrel-windows-ix86+x86_64 0.4.3 25.00 294.00 319.00 OK

Check Details

Version: 0.4.3
Check: package dependencies
Result: WARN
    Requires (indirectly) orphaned package: ‘bibtex’
Flavor: r-devel-linux-x86_64-fedora-clang