Last updated on 2023-09-23 21:52:59 CEST.
Flavor | Version | Tinstall | Tcheck | Ttotal | Status | Flags |
---|---|---|---|---|---|---|
r-devel-linux-x86_64-debian-clang | 0.1.0 | 10.27 | 87.59 | 97.86 | OK | |
r-devel-linux-x86_64-debian-gcc | 0.1.0 | 6.54 | 73.32 | 79.86 | OK | |
r-devel-linux-x86_64-fedora-clang | 0.1.0 | 116.97 | NOTE | |||
r-devel-linux-x86_64-fedora-gcc | 0.1.0 | 125.94 | NOTE | |||
r-devel-windows-x86_64 | 0.1.0 | 10.00 | 85.00 | 95.00 | OK | |
r-patched-linux-x86_64 | 0.1.0 | 8.00 | 84.02 | 92.02 | OK | |
r-release-linux-x86_64 | 0.1.0 | 8.61 | 84.09 | 92.70 | OK | |
r-release-macos-arm64 | 0.1.0 | 39.00 | OK | |||
r-release-macos-x86_64 | 0.1.0 | 59.00 | OK | |||
r-release-windows-x86_64 | 0.1.0 | 12.00 | 97.00 | 109.00 | OK | |
r-oldrel-macos-arm64 | 0.1.0 | 33.00 | NOTE | |||
r-oldrel-macos-x86_64 | 0.1.0 | 67.00 | NOTE | |||
r-oldrel-windows-x86_64 | 0.1.0 | 12.00 | 97.00 | 109.00 | OK |
Version: 0.1.0
Check: dependencies in R code
Result: NOTE
Namespace in Imports field not imported from: ‘Matrix’
All declared Imports should be used.
Flavors: r-devel-linux-x86_64-fedora-clang, r-devel-linux-x86_64-fedora-gcc, r-oldrel-macos-arm64, r-oldrel-macos-x86_64