Last updated on 2025-04-30 06:51:34 CEST.
Flavor | Version | Tinstall | Tcheck | Ttotal | Status | Flags |
---|---|---|---|---|---|---|
r-devel-linux-x86_64-debian-clang | 1.0.8 | 10.41 | 98.63 | 109.04 | NOTE | |
r-devel-linux-x86_64-debian-gcc | 1.0.8 | 6.83 | 71.97 | 78.80 | NOTE | |
r-devel-linux-x86_64-fedora-clang | 1.0.8 | 160.70 | OK | |||
r-devel-linux-x86_64-fedora-gcc | 1.0.8 | 176.20 | OK | |||
r-devel-windows-x86_64 | 1.0.8 | 13.00 | 143.00 | 156.00 | OK | |
r-patched-linux-x86_64 | 1.0.8 | 10.08 | 93.50 | 103.58 | OK | |
r-release-linux-x86_64 | 1.0.8 | 8.19 | 93.63 | 101.82 | OK | |
r-release-macos-arm64 | 1.0.8 | 71.00 | OK | |||
r-release-macos-x86_64 | 1.0.8 | 114.00 | OK | |||
r-release-windows-x86_64 | 1.0.8 | 13.00 | 129.00 | 142.00 | OK | |
r-oldrel-macos-arm64 | 1.0.8 | 59.00 | NOTE | |||
r-oldrel-macos-x86_64 | 1.0.8 | 130.00 | NOTE | |||
r-oldrel-windows-x86_64 | 1.0.8 | 17.00 | 154.00 | 171.00 | NOTE |
Version: 1.0.8
Check: CRAN incoming feasibility
Result: NOTE
Maintainer: ‘Bastian Pfeifer <bastian.pfeifer@medunigraz.at>’
No Authors@R field in DESCRIPTION.
Please add one, modifying
Authors@R: c(person(given = c("Michael", "G."),
family = "Schimek",
role = "aut"),
person(given = "Eva",
family = "Budinska",
role = "aut"),
person(given = "Jie",
family = "Ding",
role = "aut"),
person(given = c("Karl", "G."),
family = "Kugler",
role = "aut"),
person(given = "Vendula",
family = "Svendova",
role = "aut"),
person(given = "Shili",
family = "Lin",
role = "aut"),
person(given = "Bastian",
family = "Pfeifer",
role = c("aut", "cre"),
email = "bastian.pfeifer@medunigraz.at"))
as necessary.
Flavors: r-devel-linux-x86_64-debian-clang, r-devel-linux-x86_64-debian-gcc
Version: 1.0.8
Check: package dependencies
Result: NOTE
Packages suggested but not available for checking:
'RGtk2', 'gWidgets2RGtk2'
Flavors: r-oldrel-macos-arm64, r-oldrel-macos-x86_64, r-oldrel-windows-x86_64