CRAN Package Check Results for Package TooManyCellsR

Last updated on 2025-02-08 12:49:47 CET.

Flavor Version Tinstall Tcheck Ttotal Status Flags
r-devel-linux-x86_64-debian-clang 0.1.1.0 1.80 19.95 21.75 OK
r-devel-linux-x86_64-debian-gcc 0.1.1.0 1.52 16.18 17.70 OK
r-devel-linux-x86_64-fedora-clang 0.1.1.0 36.52 NOTE
r-devel-linux-x86_64-fedora-gcc 0.1.1.0 31.94 NOTE
r-devel-windows-x86_64 0.1.1.0 4.00 46.00 50.00 OK
r-patched-linux-x86_64 0.1.1.0 1.83 19.07 20.90 NOTE
r-release-linux-x86_64 0.1.1.0 1.73 19.08 20.81 NOTE
r-release-macos-arm64 0.1.1.0 16.00 NOTE
r-release-macos-x86_64 0.1.1.0 31.00 NOTE
r-release-windows-x86_64 0.1.1.0 4.00 44.00 48.00 NOTE
r-oldrel-macos-arm64 0.1.1.0 17.00 NOTE
r-oldrel-macos-x86_64 0.1.1.0 21.00 NOTE
r-oldrel-windows-x86_64 0.1.1.0 4.00 44.00 48.00 NOTE

Check Details

Version: 0.1.1.0
Check: dependencies in R code
Result: NOTE Namespaces in Imports field not imported from: ‘cowplot’ ‘ggplot2’ ‘jsonlite’ All declared Imports should be used. Flavors: r-devel-linux-x86_64-fedora-clang, r-devel-linux-x86_64-fedora-gcc

Version: 0.1.1.0
Check: LazyData
Result: NOTE 'LazyData' is specified without a 'data' directory Flavors: r-patched-linux-x86_64, r-release-linux-x86_64, r-release-macos-arm64, r-release-macos-x86_64, r-release-windows-x86_64, r-oldrel-macos-arm64, r-oldrel-macos-x86_64, r-oldrel-windows-x86_64