CRAN Package Check Results for Package Tlasso

Last updated on 2024-06-12 21:50:06 CEST.

Flavor Version Tinstall Tcheck Ttotal Status Flags
r-devel-linux-x86_64-debian-clang 1.0.2 9.93 116.42 126.35 OK
r-devel-linux-x86_64-debian-gcc 1.0.2 0.39 1.69 2.08 ERROR
r-devel-linux-x86_64-fedora-clang 1.0.2 156.37 OK
r-devel-linux-x86_64-fedora-gcc 1.0.2 160.62 OK
r-devel-windows-x86_64 1.0.2 9.00 107.00 116.00 OK
r-patched-linux-x86_64 1.0.2 13.36 113.02 126.38 OK
r-release-linux-x86_64 1.0.2 8.26 111.33 119.59 OK
r-release-macos-arm64 1.0.2 58.00 OK
r-release-macos-x86_64 1.0.2 80.00 OK
r-release-windows-x86_64 1.0.2 9.00 108.00 117.00 OK
r-oldrel-macos-arm64 1.0.2 58.00 OK
r-oldrel-macos-x86_64 1.0.2 92.00 OK
r-oldrel-windows-x86_64 1.0.2 11.00 129.00 140.00 OK

Check Details

Version: 1.0.2
Check: package dependencies
Result: ERROR Packages required but not available: 'huge', 'igraph' See section ‘The DESCRIPTION file’ in the ‘Writing R Extensions’ manual. Flavor: r-devel-linux-x86_64-debian-gcc