Last updated on 2024-04-23 12:49:46 CEST.
Flavor | Version | Tinstall | Tcheck | Ttotal | Status | Flags |
---|---|---|---|---|---|---|
r-devel-linux-x86_64-debian-clang | 1.2.3 | 58.72 | 432.88 | 491.60 | OK | |
r-devel-linux-x86_64-debian-gcc | 1.2.3 | 47.50 | 304.37 | 351.87 | OK | |
r-devel-linux-x86_64-fedora-clang | 1.2.3 | 583.78 | OK | |||
r-devel-linux-x86_64-fedora-gcc | 1.2.3 | 584.54 | OK | |||
r-prerel-macos-arm64 | 1.2.3 | 165.00 | NOTE | |||
r-prerel-windows-x86_64 | 1.2.3 | 48.00 | 372.00 | 420.00 | OK | |
r-patched-linux-x86_64 | 1.2.3 | 55.49 | 410.60 | 466.09 | OK | |
r-release-linux-x86_64 | 1.2.3 | 54.75 | 431.38 | 486.13 | OK | |
r-release-macos-arm64 | 1.2.3 | 186.00 | NOTE | |||
r-release-macos-x86_64 | 1.2.3 | 439.00 | NOTE | |||
r-release-windows-x86_64 | 1.2.3 | 60.00 | 429.00 | 489.00 | OK | |
r-oldrel-macos-arm64 | 1.2.3 | 203.00 | NOTE | |||
r-oldrel-windows-x86_64 | 1.2.3 | 54.00 | 393.00 | 447.00 | OK |
Version: 1.2.3
Check: installed package size
Result: NOTE
installed size is 5.8Mb
sub-directories of 1Mb or more:
doc 1.7Mb
libs 3.5Mb
Flavors: r-prerel-macos-arm64, r-release-macos-arm64, r-release-macos-x86_64, r-oldrel-macos-arm64