CRAN Package Check Results for Package ThankYouStars

Last updated on 2022-10-01 05:51:36 CEST.

Flavor Version Tinstall Tcheck Ttotal Status Flags
r-devel-linux-x86_64-debian-clang 0.2.0 1.92 25.95 27.87 NOTE
r-devel-linux-x86_64-debian-gcc 0.2.0 1.63 20.22 21.85 NOTE
r-devel-linux-x86_64-fedora-clang 0.2.0 47.10 NOTE
r-devel-linux-x86_64-fedora-gcc 0.2.0 55.62 NOTE
r-devel-windows-x86_64 0.2.0 11.00 56.00 67.00 NOTE
r-patched-linux-x86_64 0.2.0 2.24 24.82 27.06 NOTE
r-release-linux-x86_64 0.2.0 2.03 24.87 26.90 NOTE
r-release-macos-arm64 0.2.0 19.00 NOTE
r-release-macos-x86_64 0.2.0 87.00 NOTE
r-release-windows-x86_64 0.2.0 16.00 50.00 66.00 NOTE
r-oldrel-macos-arm64 0.2.0 24.00 NOTE
r-oldrel-macos-x86_64 0.2.0 49.00 NOTE
r-oldrel-windows-ix86+x86_64 0.2.0 5.00 48.00 53.00 NOTE

Check Details

Version: 0.2.0
Check: LazyData
Result: NOTE
     'LazyData' is specified without a 'data' directory
Flavors: r-devel-linux-x86_64-debian-clang, r-devel-linux-x86_64-debian-gcc, r-devel-linux-x86_64-fedora-clang, r-devel-linux-x86_64-fedora-gcc, r-devel-windows-x86_64, r-patched-linux-x86_64, r-release-linux-x86_64, r-release-macos-arm64, r-release-macos-x86_64, r-release-windows-x86_64, r-oldrel-macos-arm64, r-oldrel-macos-x86_64, r-oldrel-windows-ix86+x86_64