CRAN Package Check Results for Package TextForecast

Last updated on 2022-05-25 21:53:13 CEST.

Flavor Version Tinstall Tcheck Ttotal Status Flags
r-devel-linux-x86_64-debian-clang 0.1.3 14.77 149.18 163.95 OK
r-devel-linux-x86_64-debian-gcc 0.1.3 11.26 113.49 124.75 OK
r-devel-linux-x86_64-fedora-clang 0.1.3 195.53 NOTE
r-devel-linux-x86_64-fedora-gcc 0.1.3 189.74 NOTE
r-devel-windows-x86_64 0.1.3 44.00 163.00 207.00 OK
r-patched-linux-x86_64 0.1.3 13.93 142.83 156.76 OK
r-release-linux-x86_64 0.1.3 OK
r-release-macos-arm64 0.1.3 69.00 NOTE
r-release-macos-x86_64 0.1.3 81.00 NOTE
r-release-windows-x86_64 0.1.3 43.00 168.00 211.00 OK
r-oldrel-macos-arm64 0.1.3 63.00 NOTE
r-oldrel-macos-x86_64 0.1.3 82.00 NOTE
r-oldrel-windows-ix86+x86_64 0.1.3 32.00 388.00 420.00 OK

Check Details

Version: 0.1.3
Check: dependencies in R code
Result: NOTE
    Namespaces in Imports field not imported from:
     ‘doParallel’ ‘forecast’ ‘parallel’ ‘tidyr’
     All declared Imports should be used.
Flavors: r-devel-linux-x86_64-fedora-clang, r-devel-linux-x86_64-fedora-gcc, r-release-macos-arm64, r-release-macos-x86_64, r-oldrel-macos-arm64, r-oldrel-macos-x86_64

Version: 0.1.3
Check: data for non-ASCII characters
Result: NOTE
     Note: found 40 marked UTF-8 strings
Flavors: r-devel-linux-x86_64-fedora-clang, r-devel-linux-x86_64-fedora-gcc, r-release-macos-arm64, r-release-macos-x86_64, r-oldrel-macos-arm64, r-oldrel-macos-x86_64