Last updated on 2024-04-18 11:51:18 CEST.
Flavor | Version | Tinstall | Tcheck | Ttotal | Status | Flags |
---|---|---|---|---|---|---|
r-devel-linux-x86_64-debian-clang | 0.1.3 | 14.00 | 135.23 | 149.23 | OK | |
r-devel-linux-x86_64-debian-gcc | 0.1.3 | 10.98 | 102.38 | 113.36 | OK | |
r-devel-linux-x86_64-fedora-clang | 0.1.3 | 184.09 | NOTE | |||
r-devel-linux-x86_64-fedora-gcc | 0.1.3 | 203.73 | NOTE | |||
r-prerel-macos-arm64 | 0.1.3 | 64.00 | OK | |||
r-prerel-windows-x86_64 | 0.1.3 | 12.00 | 153.00 | 165.00 | OK | |
r-patched-linux-x86_64 | 0.1.3 | 12.47 | 132.36 | 144.83 | OK | |
r-release-linux-x86_64 | 0.1.3 | 8.65 | 129.38 | 138.03 | OK | |
r-release-macos-arm64 | 0.1.3 | 74.00 | OK | |||
r-release-macos-x86_64 | 0.1.3 | 105.00 | OK | |||
r-release-windows-x86_64 | 0.1.3 | 17.00 | 149.00 | 166.00 | OK | |
r-oldrel-macos-arm64 | 0.1.3 | 69.00 | NOTE | |||
r-oldrel-windows-x86_64 | 0.1.3 | 18.00 | 141.00 | 159.00 | OK |
Version: 0.1.3
Check: dependencies in R code
Result: NOTE
Namespaces in Imports field not imported from:
‘doParallel’ ‘forecast’ ‘parallel’ ‘tidyr’
All declared Imports should be used.
Flavors: r-devel-linux-x86_64-fedora-clang, r-devel-linux-x86_64-fedora-gcc, r-oldrel-macos-arm64
Version: 0.1.3
Check: data for non-ASCII characters
Result: NOTE
Note: found 40 marked UTF-8 strings
Flavors: r-devel-linux-x86_64-fedora-clang, r-devel-linux-x86_64-fedora-gcc, r-oldrel-macos-arm64