CRAN Package Check Results for Package TesiproV

Last updated on 2024-03-02 21:31:27 CET.

Flavor Version Tinstall Tcheck Ttotal Status Flags
r-devel-linux-x86_64-debian-clang 0.9.2 8.29 73.16 81.45 NOTE
r-devel-linux-x86_64-debian-gcc 0.9.2 6.45 54.97 61.42 NOTE
r-devel-linux-x86_64-fedora-clang 0.9.2 102.43 NOTE
r-devel-linux-x86_64-fedora-gcc 0.9.2 116.30 NOTE
r-devel-windows-x86_64 0.9.2 8.00 73.00 81.00 OK
r-patched-linux-x86_64 0.9.2 6.31 69.00 75.31 OK
r-release-linux-x86_64 0.9.2 5.84 69.45 75.29 OK
r-release-macos-arm64 0.9.2 39.00 OK
r-release-macos-x86_64 0.9.2 66.00 OK
r-release-windows-x86_64 0.9.2 12.00 84.00 96.00 OK
r-oldrel-macos-arm64 0.9.2 36.00 OK
r-oldrel-windows-x86_64 0.9.2 15.00 175.00 190.00 OK

Check Details

Version: 0.9.2
Check: Rd files
Result: NOTE checkRd: (-1) MC_CRUDE.Rd:19: Lost braces; missing escapes or markup? 19 | \item{lsf}{objective function with limit state function in form of function(x) {x[1]+x[2]...}} | ^ checkRd: (-1) MC_IS.Rd:23: Lost braces; missing escapes or markup? 23 | \item{lsf}{objective function with limit state function in form of function(x) {x[1]+x[2]...}} | ^ checkRd: (-1) PROB_BASEVAR-class.Rd:14: Lost braces 14 | \item{\code{Id}}{Place in vector of objective functional expression function(x){x[id]}} | ^ checkRd: (-1) PROB_DETVAR-class.Rd:14: Lost braces 14 | \item{\code{Id}}{Place in vector of objective functional expression function(x){x[id]}} | ^ checkRd: (-1) SORM.Rd:10: Lost braces; missing escapes or markup? 10 | \item{lsf}{objective function with limit state function in form of function(x) {x[1]+x[2]...}} | ^ checkRd: (-1) SYS_LSF-class.Rd:16: Lost braces 16 | \item{\code{func}}{prepared for objective functions like SYS_LSF$func <- function(x){return(x[1] + x[2])}} | ^ Flavors: r-devel-linux-x86_64-debian-clang, r-devel-linux-x86_64-debian-gcc, r-devel-linux-x86_64-fedora-clang, r-devel-linux-x86_64-fedora-gcc