CRAN Package Check Results for Package TensorClustering

Last updated on 2022-01-27 02:51:44 CET.

Flavor Version Tinstall Tcheck Ttotal Status Flags
r-devel-linux-x86_64-debian-clang 1.0.2 5.74 53.50 59.24 OK
r-devel-linux-x86_64-debian-gcc 1.0.2 4.08 41.40 45.48 OK
r-devel-linux-x86_64-fedora-clang 1.0.2 74.42 NOTE
r-devel-linux-x86_64-fedora-gcc 1.0.2 66.18 NOTE
r-devel-windows-x86_64-new-UL 1.0.2 47.00 76.00 123.00 OK
r-devel-windows-x86_64-new-TK 1.0.2 NOTE
r-patched-linux-x86_64 1.0.2 5.83 50.78 56.61 OK
r-release-linux-x86_64 1.0.2 5.51 51.01 56.52 OK
r-release-macos-arm64 1.0.2 NOTE
r-release-macos-x86_64 1.0.2 NOTE
r-release-windows-ix86+x86_64 1.0.2 18.00 85.00 103.00 OK
r-oldrel-macos-x86_64 1.0.2 NOTE
r-oldrel-windows-ix86+x86_64 1.0.2 17.00 87.00 104.00 OK

Check Details

Version: 1.0.2
Check: dependencies in R code
Result: NOTE
    Namespace in Imports field not imported from: ‘Rcpp’
     All declared Imports should be used.
Flavors: r-devel-linux-x86_64-fedora-clang, r-devel-linux-x86_64-fedora-gcc, r-devel-windows-x86_64-new-TK, r-release-macos-arm64, r-release-macos-x86_64, r-oldrel-macos-x86_64