Last updated on 2024-04-30 21:50:31 CEST.
Flavor | Version | Tinstall | Tcheck | Ttotal | Status | Flags |
---|---|---|---|---|---|---|
r-devel-linux-x86_64-debian-clang | 0.1.7 | 9.86 | 98.75 | 108.61 | OK | |
r-devel-linux-x86_64-debian-gcc | 0.1.7 | 7.27 | 69.32 | 76.59 | OK | |
r-devel-linux-x86_64-fedora-clang | 0.1.7 | 132.52 | NOTE | |||
r-devel-linux-x86_64-fedora-gcc | 0.1.7 | 138.36 | NOTE | |||
r-devel-windows-x86_64 | 0.1.7 | 10.00 | 94.00 | 104.00 | OK | |
r-patched-linux-x86_64 | 0.1.7 | 6.75 | 76.74 | 83.49 | OK | |
r-release-linux-x86_64 | 0.1.7 | 7.46 | 93.59 | 101.05 | OK | |
r-release-macos-arm64 | 0.1.7 | 41.00 | OK | |||
r-release-windows-x86_64 | 0.1.7 | 9.00 | 94.00 | 103.00 | OK | |
r-oldrel-macos-arm64 | 0.1.7 | 41.00 | OK | |||
r-oldrel-macos-x86_64 | 0.1.7 | 98.00 | OK | |||
r-oldrel-windows-x86_64 | 0.1.7 | 13.00 | 113.00 | 126.00 | OK |
Version: 0.1.7
Check: dependencies in R code
Result: NOTE
Namespace in Imports field not imported from: ‘forecastHybrid’
All declared Imports should be used.
Flavors: r-devel-linux-x86_64-fedora-clang, r-devel-linux-x86_64-fedora-gcc