Last updated on 2025-02-22 12:50:59 CET.
Flavor | Version | Tinstall | Tcheck | Ttotal | Status | Flags |
---|---|---|---|---|---|---|
r-devel-linux-x86_64-debian-clang | 1.1.0 | 37.32 | 123.55 | 160.87 | NOTE | |
r-devel-linux-x86_64-debian-gcc | 1.1.0 | 29.63 | 90.63 | 120.26 | NOTE | |
r-devel-linux-x86_64-fedora-clang | 1.1.0 | 277.48 | NOTE | |||
r-devel-linux-x86_64-fedora-gcc | 1.1.0 | 275.87 | NOTE | |||
r-devel-macos-arm64 | 1.1.0 | 81.00 | NOTE | |||
r-devel-macos-x86_64 | 1.1.0 | 137.00 | NOTE | |||
r-devel-windows-x86_64 | 1.1.0 | 42.00 | 304.00 | 346.00 | NOTE | |
r-patched-linux-x86_64 | 1.1.0 | 39.99 | 118.03 | 158.02 | NOTE | |
r-release-linux-x86_64 | 1.1.0 | 40.25 | 117.93 | 158.18 | NOTE | |
r-release-macos-arm64 | 1.1.0 | 74.00 | NOTE | |||
r-release-macos-x86_64 | 1.1.0 | 110.00 | NOTE | |||
r-release-windows-x86_64 | 1.1.0 | 43.00 | 271.00 | 314.00 | NOTE | |
r-oldrel-macos-arm64 | 1.1.0 | 90.00 | OK | |||
r-oldrel-macos-x86_64 | 1.1.0 | 143.00 | OK | |||
r-oldrel-windows-x86_64 | 1.1.0 | 51.00 | 309.00 | 360.00 | OK |
Version: 1.1.0
Check: Rd files
Result: NOTE
checkRd: (-1) repr_dwt.Rd:28: Lost braces; missing escapes or markup?
28 | The final representation has length equal to floor(n / 2^{level}), where n is a length of original time series.
| ^
Flavors: r-devel-linux-x86_64-debian-clang, r-devel-linux-x86_64-debian-gcc, r-devel-linux-x86_64-fedora-clang, r-devel-linux-x86_64-fedora-gcc, r-devel-macos-arm64, r-devel-macos-x86_64, r-devel-windows-x86_64, r-patched-linux-x86_64, r-release-linux-x86_64, r-release-macos-arm64, r-release-macos-x86_64, r-release-windows-x86_64