CRAN Package Check Results for Package TSdisaggregation

Last updated on 2023-03-23 03:53:38 CET.

Flavor Version Tinstall Tcheck Ttotal Status Flags
r-devel-linux-x86_64-debian-clang 2.0.0 8.21 72.00 80.21 NOTE
r-devel-linux-x86_64-debian-gcc 2.0.0 6.38 57.18 63.56 NOTE
r-devel-linux-x86_64-fedora-clang 2.0.0 101.04 NOTE
r-devel-linux-x86_64-fedora-gcc 2.0.0 101.23 NOTE
r-devel-windows-x86_64 2.0.0 26.00 135.00 161.00 NOTE
r-patched-linux-x86_64 2.0.0 8.64 68.16 76.80 OK
r-release-linux-x86_64 2.0.0 6.75 67.44 74.19 OK
r-release-macos-arm64 2.0.0 33.00 OK
r-release-macos-x86_64 2.0.0 47.00 OK
r-release-windows-x86_64 2.0.0 28.00 118.00 146.00 OK
r-oldrel-macos-arm64 2.0.0 32.00 OK
r-oldrel-macos-x86_64 2.0.0 43.00 OK
r-oldrel-windows-ix86+x86_64 2.0.0 16.00 95.00 111.00 OK

Check Details

Version: 2.0.0
Check: Rd files
Result: NOTE
    checkRd: (-1) TempDisaggDGP.Rd:79: Escaped LaTeX specials: \&
    checkRd: (-1) disaggregate.Rd:56: Escaped LaTeX specials: \&
Flavors: r-devel-linux-x86_64-debian-clang, r-devel-linux-x86_64-debian-gcc, r-devel-linux-x86_64-fedora-clang, r-devel-linux-x86_64-fedora-gcc, r-devel-windows-x86_64