Last updated on 2023-10-04 20:42:43 CEST.
Flavor | Version | Tinstall | Tcheck | Ttotal | Status | Flags |
---|---|---|---|---|---|---|
r-devel-linux-x86_64-debian-clang | 1.3.1 | 12.38 | 120.03 | 132.41 | OK | |
r-devel-linux-x86_64-debian-gcc | 1.3.1 | 9.24 | 88.51 | 97.75 | OK | |
r-devel-linux-x86_64-fedora-clang | 1.3.1 | 172.29 | NOTE | |||
r-devel-linux-x86_64-fedora-gcc | 1.3.1 | 158.62 | OK | |||
r-devel-windows-x86_64 | 1.3.1 | 12.00 | 108.00 | 120.00 | OK | |
r-patched-linux-x86_64 | 1.3.1 | 15.23 | 116.83 | 132.06 | OK | |
r-release-linux-x86_64 | 1.3.1 | 8.68 | 114.78 | 123.46 | OK | |
r-release-macos-arm64 | 1.3.1 | 48.00 | OK | |||
r-release-macos-x86_64 | 1.3.1 | 82.00 | NOTE | |||
r-release-windows-x86_64 | 1.3.1 | 18.00 | 121.00 | 139.00 | OK | |
r-oldrel-macos-arm64 | 1.3.1 | 81.00 | OK | |||
r-oldrel-macos-x86_64 | 1.3.1 | 145.00 | OK | |||
r-oldrel-windows-x86_64 | 1.3.1 | 16.00 | 124.00 | 140.00 | OK |
Version: 1.3.1
Check: Rd cross-references
Result: NOTE
Undeclared packages ‘fpc’, ‘clValid’, ‘clv’ in Rd xrefs
Flavor: r-devel-linux-x86_64-fedora-clang
Version: 1.3.1
Check: Rd cross-references
Result: NOTE
Package unavailable to check Rd xrefs: ‘fpc’
Flavor: r-release-macos-x86_64