CRAN Package Check Results for Package TSS.RESTREND

Last updated on 2022-12-05 11:51:55 CET.

Flavor Version Tinstall Tcheck Ttotal Status Flags
r-devel-linux-x86_64-debian-clang 0.3.1 10.96 94.89 105.85 OK
r-devel-linux-x86_64-debian-gcc 0.3.1 9.20 69.11 78.31 OK
r-devel-linux-x86_64-fedora-clang 0.3.1 137.60 NOTE
r-devel-linux-x86_64-fedora-gcc 0.3.1 132.53 OK
r-devel-windows-x86_64 0.3.1 35.00 268.00 303.00 OK
r-patched-linux-x86_64 0.3.1 12.63 86.31 98.94 OK
r-release-linux-x86_64 0.3.1 10.36 87.24 97.60 OK
r-release-macos-arm64 0.3.1 36.00 OK
r-release-macos-x86_64 0.3.1 63.00 OK
r-release-windows-x86_64 0.3.1 52.00 176.00 228.00 OK
r-oldrel-macos-arm64 0.3.1 41.00 OK
r-oldrel-macos-x86_64 0.3.1 69.00 OK
r-oldrel-windows-ix86+x86_64 0.3.1 27.00 376.00 403.00 OK

Check Details

Version: 0.3.1
Check: Rd cross-references
Result: NOTE
    Undeclared package ‘gimms’ in Rd xrefs
Flavor: r-devel-linux-x86_64-fedora-clang