Last updated on 2025-05-20 21:50:32 CEST.
Flavor | Version | Tinstall | Tcheck | Ttotal | Status | Flags |
---|---|---|---|---|---|---|
r-devel-linux-x86_64-debian-clang | 0.0.1 | 2.02 | 23.21 | 25.23 | OK | |
r-devel-linux-x86_64-debian-gcc | 0.0.1 | 2.09 | 18.03 | 20.12 | OK | |
r-devel-linux-x86_64-fedora-clang | 0.0.1 | 41.11 | OK | |||
r-devel-linux-x86_64-fedora-gcc | 0.0.1 | 38.79 | OK | |||
r-devel-windows-x86_64 | 0.0.1 | 5.00 | 43.00 | 48.00 | OK | |
r-patched-linux-x86_64 | 0.0.1 | 2.75 | 22.56 | 25.31 | OK | |
r-release-linux-x86_64 | 0.0.1 | 2.84 | 22.79 | 25.63 | OK | |
r-release-macos-arm64 | 0.0.1 | 28.00 | OK | |||
r-release-macos-x86_64 | 0.0.1 | 30.00 | OK | |||
r-release-windows-x86_64 | 0.0.1 | 5.00 | 53.00 | 58.00 | OK | |
r-oldrel-macos-arm64 | 0.0.1 | 19.00 | NOTE | |||
r-oldrel-macos-x86_64 | 0.0.1 | 27.00 | NOTE | |||
r-oldrel-windows-x86_64 | 0.0.1 | 5.00 | 50.00 | 55.00 | NOTE |
Version: 0.0.1
Check: LazyData
Result: NOTE
'LazyData' is specified without a 'data' directory
Flavors: r-oldrel-macos-arm64, r-oldrel-macos-x86_64, r-oldrel-windows-x86_64