Last updated on 2025-02-04 03:50:03 CET.
Flavor | Version | Tinstall | Tcheck | Ttotal | Status | Flags |
---|---|---|---|---|---|---|
r-devel-linux-x86_64-debian-clang | 1.0.0 | 2.35 | 19.27 | 21.62 | OK | |
r-devel-linux-x86_64-debian-gcc | 1.0.0 | 2.01 | 15.61 | 17.62 | OK | |
r-devel-linux-x86_64-fedora-clang | 1.0.0 | 37.13 | OK | |||
r-devel-linux-x86_64-fedora-gcc | 1.0.0 | 32.84 | OK | |||
r-devel-windows-x86_64 | 1.0.0 | 4.00 | 97.00 | 101.00 | OK | |
r-patched-linux-x86_64 | 1.0.0 | 2.47 | 18.38 | 20.85 | NOTE | |
r-release-linux-x86_64 | 1.0.0 | 2.37 | 18.21 | 20.58 | NOTE | |
r-release-macos-arm64 | 1.0.0 | 15.00 | NOTE | |||
r-release-macos-x86_64 | 1.0.0 | 21.00 | NOTE | |||
r-release-windows-x86_64 | 1.0.0 | 3.00 | 79.00 | 82.00 | NOTE | |
r-oldrel-macos-arm64 | 1.0.0 | 15.00 | NOTE | |||
r-oldrel-macos-x86_64 | 1.0.0 | 20.00 | NOTE | |||
r-oldrel-windows-x86_64 | 1.0.0 | 3.00 | 152.00 | 155.00 | NOTE |
Version: 1.0.0
Check: LazyData
Result: NOTE
'LazyData' is specified without a 'data' directory
Flavors: r-patched-linux-x86_64, r-release-linux-x86_64, r-release-macos-arm64, r-release-macos-x86_64, r-release-windows-x86_64, r-oldrel-macos-arm64, r-oldrel-macos-x86_64, r-oldrel-windows-x86_64