CRAN Package Check Results for Package TR8

Last updated on 2021-03-04 06:47:46 CET.

Flavor Version Tinstall Tcheck Ttotal Status Flags
r-devel-linux-x86_64-debian-clang 0.9.22 11.75 108.99 120.74 OK
r-devel-linux-x86_64-debian-gcc 0.9.22 9.03 81.34 90.37 OK
r-devel-linux-x86_64-fedora-clang 0.9.22 157.37 NOTE
r-devel-linux-x86_64-fedora-gcc 0.9.22 138.58 NOTE
r-devel-windows-ix86+x86_64 0.9.22 20.00 128.00 148.00 OK
r-patched-linux-x86_64 0.9.22 11.46 101.39 112.85 OK
r-patched-solaris-x86 0.9.22 204.90 NOTE
r-release-linux-x86_64 0.9.22 10.94 101.62 112.56 OK
r-release-macos-x86_64 0.9.22 NOTE
r-release-windows-ix86+x86_64 0.9.22 21.00 99.00 120.00 OK
r-oldrel-macos-x86_64 0.9.22 NOTE
r-oldrel-windows-ix86+x86_64 0.9.22 23.00 123.00 146.00 OK

Check Details

Version: 0.9.22
Check: data for non-ASCII characters
Result: NOTE
     Note: found 153 marked Latin-1 strings
     Note: found 108 marked UTF-8 strings
Flavors: r-devel-linux-x86_64-fedora-clang, r-devel-linux-x86_64-fedora-gcc, r-patched-solaris-x86, r-release-macos-x86_64, r-oldrel-macos-x86_64