CRAN Package Check Results for Package TR8

Last updated on 2022-09-28 12:55:32 CEST.

Flavor Version Tinstall Tcheck Ttotal Status Flags
r-devel-linux-x86_64-debian-clang 0.9.22 14.64 116.80 131.44 OK
r-devel-linux-x86_64-debian-gcc 0.9.22 10.37 88.62 98.99 OK
r-devel-linux-x86_64-fedora-clang 0.9.22 176.21 NOTE
r-devel-linux-x86_64-fedora-gcc 0.9.22 173.62 NOTE
r-devel-windows-x86_64 0.9.22 33.00 286.00 319.00 OK
r-patched-linux-x86_64 0.9.22 11.02 111.71 122.73 OK
r-release-linux-x86_64 0.9.22 10.89 113.05 123.94 OK
r-release-macos-arm64 0.9.22 49.00 NOTE
r-release-macos-x86_64 0.9.22 80.00 NOTE
r-release-windows-x86_64 0.9.22 30.00 185.00 215.00 OK
r-oldrel-macos-arm64 0.9.22 57.00 NOTE
r-oldrel-macos-x86_64 0.9.22 96.00 NOTE
r-oldrel-windows-ix86+x86_64 0.9.22 30.00 300.00 330.00 OK

Check Details

Version: 0.9.22
Check: data for non-ASCII characters
Result: NOTE
     Note: found 153 marked Latin-1 strings
     Note: found 108 marked UTF-8 strings
Flavors: r-devel-linux-x86_64-fedora-clang, r-devel-linux-x86_64-fedora-gcc, r-release-macos-arm64, r-release-macos-x86_64, r-oldrel-macos-arm64, r-oldrel-macos-x86_64