Last updated on 2024-04-26 03:55:45 CEST.
Flavor | Version | Tinstall | Tcheck | Ttotal | Status | Flags |
---|---|---|---|---|---|---|
r-devel-linux-x86_64-debian-clang | 0.8.3 | 1.79 | 49.03 | 50.82 | OK | |
r-devel-linux-x86_64-debian-gcc | 0.8.3 | 1.66 | 36.51 | 38.17 | OK | |
r-devel-linux-x86_64-fedora-clang | 0.8.3 | 63.84 | NOTE | |||
r-devel-linux-x86_64-fedora-gcc | 0.8.3 | 60.55 | NOTE | |||
r-devel-windows-x86_64 | 0.8.3 | 3.00 | 147.00 | 150.00 | OK | |
r-patched-linux-x86_64 | 0.8.3 | 2.47 | 47.12 | 49.59 | OK | |
r-release-linux-x86_64 | 0.8.3 | 1.93 | 44.47 | 46.40 | OK | |
r-release-macos-arm64 | 0.8.3 | 30.00 | OK | |||
r-release-windows-x86_64 | 0.8.3 | 3.00 | 164.00 | 167.00 | OK | |
r-oldrel-macos-arm64 | 0.8.3 | 31.00 | OK | |||
r-oldrel-macos-x86_64 | 0.8.3 | 61.00 | OK | |||
r-oldrel-windows-x86_64 | 0.8.3 | 4.00 | 67.00 | 71.00 | OK |
Version: 0.8.3
Check: dependencies in R code
Result: NOTE
Namespace in Imports field not imported from: ‘MASS’
All declared Imports should be used.
Flavors: r-devel-linux-x86_64-fedora-clang, r-devel-linux-x86_64-fedora-gcc