CRAN Package Check Results for Package TMDb

Last updated on 2022-09-29 21:49:21 CEST.

Flavor Version Tinstall Tcheck Ttotal Status Flags
r-devel-linux-x86_64-debian-clang 1.1 5.43 44.75 50.18 NOTE
r-devel-linux-x86_64-debian-gcc 1.1 3.19 34.51 37.70 NOTE
r-devel-linux-x86_64-fedora-clang 1.1 76.13 NOTE
r-devel-linux-x86_64-fedora-gcc 1.1 73.37 NOTE
r-devel-windows-x86_64 1.1 28.00 101.00 129.00 NOTE
r-patched-linux-x86_64 1.1 5.70 43.50 49.20 NOTE
r-release-linux-x86_64 1.1 5.40 42.01 47.41 NOTE
r-release-macos-arm64 1.1 20.00 NOTE
r-release-macos-x86_64 1.1 30.00 NOTE
r-release-windows-x86_64 1.1 32.00 93.00 125.00 NOTE
r-oldrel-macos-arm64 1.1 28.00 NOTE
r-oldrel-macos-x86_64 1.1 35.00 NOTE
r-oldrel-windows-ix86+x86_64 1.1 11.00 68.00 79.00 NOTE

Check Details

Version: 1.1
Check: LazyData
Result: NOTE
     'LazyData' is specified without a 'data' directory
Flavors: r-devel-linux-x86_64-debian-clang, r-devel-linux-x86_64-debian-gcc, r-devel-linux-x86_64-fedora-clang, r-devel-linux-x86_64-fedora-gcc, r-devel-windows-x86_64, r-patched-linux-x86_64, r-release-linux-x86_64, r-release-macos-arm64, r-release-macos-x86_64, r-release-windows-x86_64, r-oldrel-macos-arm64, r-oldrel-macos-x86_64, r-oldrel-windows-ix86+x86_64