Last updated on 2024-03-28 12:50:50 CET.
Flavor | Version | Tinstall | Tcheck | Ttotal | Status | Flags |
---|---|---|---|---|---|---|
r-devel-linux-x86_64-debian-clang | 1.9.10 | 90.27 | 92.43 | 182.70 | OK | |
r-devel-linux-x86_64-debian-gcc | 1.9.10 | 94.53 | 70.32 | 164.85 | OK | |
r-devel-linux-x86_64-fedora-clang | 1.9.10 | 228.79 | NOTE | |||
r-devel-linux-x86_64-fedora-gcc | 1.9.10 | 276.52 | OK | |||
r-devel-windows-x86_64 | 1.9.10 | 95.00 | 88.00 | 183.00 | NOTE | |
r-patched-linux-x86_64 | 1.9.10 | 106.85 | 92.43 | 199.28 | OK | |
r-release-linux-x86_64 | 1.9.10 | 113.21 | 94.16 | 207.37 | OK | |
r-release-macos-arm64 | 1.9.10 | 68.00 | NOTE | |||
r-release-macos-x86_64 | 1.9.10 | 163.00 | NOTE | |||
r-release-windows-x86_64 | 1.9.10 | 117.00 | 109.00 | 226.00 | NOTE | |
r-oldrel-macos-arm64 | 1.9.10 | 66.00 | NOTE | |||
r-oldrel-windows-x86_64 | 1.9.10 | 110.00 | 111.00 | 221.00 | NOTE |
Version: 1.9.10
Check: installed package size
Result: NOTE
installed size is 5.3Mb
sub-directories of 1Mb or more:
examples 1.2Mb
include 3.7Mb
Flavors: r-devel-linux-x86_64-fedora-clang, r-devel-windows-x86_64, r-release-macos-arm64, r-release-macos-x86_64, r-release-windows-x86_64, r-oldrel-macos-arm64, r-oldrel-windows-x86_64