Last updated on 2022-06-27 21:51:32 CEST.
Flavor | Version | Tinstall | Tcheck | Ttotal | Status | Flags |
---|---|---|---|---|---|---|
r-devel-linux-x86_64-debian-clang | 1.9.0 | 75.66 | 84.40 | 160.06 | OK | |
r-devel-linux-x86_64-debian-gcc | 1.9.0 | 60.88 | 65.31 | 126.19 | OK | |
r-devel-linux-x86_64-fedora-clang | 1.9.0 | 226.41 | NOTE | |||
r-devel-linux-x86_64-fedora-gcc | 1.9.0 | 216.78 | OK | |||
r-devel-windows-x86_64 | 1.9.0 | 152.00 | 114.00 | 266.00 | NOTE | |
r-patched-linux-x86_64 | 1.9.0 | 66.01 | 82.58 | 148.59 | OK | |
r-release-linux-x86_64 | 1.9.0 | 66.90 | 82.03 | 148.93 | OK | |
r-release-macos-arm64 | 1.9.0 | 54.00 | NOTE | |||
r-release-macos-x86_64 | 1.9.0 | 79.00 | NOTE | |||
r-release-windows-x86_64 | 1.9.0 | 179.00 | 115.00 | 294.00 | NOTE | |
r-oldrel-macos-arm64 | 1.9.0 | 54.00 | NOTE | |||
r-oldrel-macos-x86_64 | 1.9.0 | 79.00 | NOTE | |||
r-oldrel-windows-ix86+x86_64 | 1.9.0 | 159.00 | 130.00 | 289.00 | NOTE |
Version: 1.9.0
Check: installed package size
Result: NOTE
installed size is 15.2Mb
sub-directories of 1Mb or more:
examples 11.1Mb
include 3.6Mb
Flavors: r-devel-linux-x86_64-fedora-clang, r-devel-windows-x86_64, r-release-macos-arm64, r-release-macos-x86_64, r-release-windows-x86_64, r-oldrel-macos-arm64, r-oldrel-macos-x86_64, r-oldrel-windows-ix86+x86_64