Last updated on 2024-03-28 12:50:50 CET.
Flavor | Version | Tinstall | Tcheck | Ttotal | Status | Flags |
---|---|---|---|---|---|---|
r-devel-linux-x86_64-debian-clang | 1.0 | 6.49 | 76.38 | 82.87 | OK | |
r-devel-linux-x86_64-debian-gcc | 1.0 | 5.08 | 58.80 | 63.88 | OK | |
r-devel-linux-x86_64-fedora-clang | 1.0 | 103.63 | NOTE | |||
r-devel-linux-x86_64-fedora-gcc | 1.0 | 114.23 | NOTE | |||
r-devel-windows-x86_64 | 1.0 | 6.00 | 131.00 | 137.00 | OK | |
r-patched-linux-x86_64 | 1.0 | 5.83 | 74.14 | 79.97 | OK | |
r-release-linux-x86_64 | 1.0 | 5.18 | 74.63 | 79.81 | OK | |
r-release-macos-arm64 | 1.0 | 44.00 | OK | |||
r-release-macos-x86_64 | 1.0 | 75.00 | OK | |||
r-release-windows-x86_64 | 1.0 | 8.00 | 102.00 | 110.00 | OK | |
r-oldrel-macos-arm64 | 1.0 | 34.00 | NOTE | |||
r-oldrel-windows-x86_64 | 1.0 | 8.00 | 106.00 | 114.00 | OK |
Version: 1.0
Check: dependencies in R code
Result: NOTE
Namespace in Imports field not imported from: ‘knitr’
All declared Imports should be used.
Flavors: r-devel-linux-x86_64-fedora-clang, r-devel-linux-x86_64-fedora-gcc, r-oldrel-macos-arm64