CRAN Package Check Results for Package TFisher

Last updated on 2023-09-23 21:52:59 CEST.

Flavor Version Tinstall Tcheck Ttotal Status Flags
r-devel-linux-x86_64-debian-clang 0.2.0 8.80 84.56 93.36 NOTE
r-devel-linux-x86_64-debian-gcc 0.2.0 7.66 68.99 76.65 NOTE
r-devel-linux-x86_64-fedora-clang 0.2.0 110.57 NOTE
r-devel-linux-x86_64-fedora-gcc 0.2.0 118.08 NOTE
r-devel-windows-x86_64 0.2.0 9.00 92.00 101.00 NOTE
r-patched-linux-x86_64 0.2.0 9.06 81.86 90.92 NOTE
r-release-linux-x86_64 0.2.0 9.27 81.54 90.81 NOTE
r-release-macos-arm64 0.2.0 38.00 NOTE
r-release-macos-x86_64 0.2.0 53.00 NOTE
r-release-windows-x86_64 0.2.0 11.00 98.00 109.00 NOTE
r-oldrel-macos-arm64 0.2.0 35.00 NOTE
r-oldrel-macos-x86_64 0.2.0 46.00 NOTE
r-oldrel-windows-x86_64 0.2.0 11.00 100.00 111.00 NOTE

Check Details

Version: 0.2.0
Check: LazyData
Result: NOTE
     'LazyData' is specified without a 'data' directory
Flavors: r-devel-linux-x86_64-debian-clang, r-devel-linux-x86_64-debian-gcc, r-devel-linux-x86_64-fedora-clang, r-devel-linux-x86_64-fedora-gcc, r-devel-windows-x86_64, r-patched-linux-x86_64, r-release-linux-x86_64, r-release-macos-arm64, r-release-macos-x86_64, r-release-windows-x86_64, r-oldrel-macos-arm64, r-oldrel-macos-x86_64, r-oldrel-windows-x86_64