Last updated on 2021-02-26 21:49:17 CET.
Flavor | Version | Tinstall | Tcheck | Ttotal | Status | Flags |
---|---|---|---|---|---|---|
r-devel-linux-x86_64-debian-clang | 0.1.0 | 2.44 | 29.17 | 31.61 | NOTE | |
r-devel-linux-x86_64-debian-gcc | 0.1.0 | 2.11 | 23.15 | 25.26 | NOTE | |
r-devel-linux-x86_64-fedora-clang | 0.1.0 | 49.82 | NOTE | |||
r-devel-linux-x86_64-fedora-gcc | 0.1.0 | 38.49 | NOTE | |||
r-devel-windows-ix86+x86_64 | 0.1.0 | 6.00 | 34.00 | 40.00 | NOTE | |
r-patched-linux-x86_64 | 0.1.0 | 2.40 | 28.70 | 31.10 | NOTE | |
r-patched-solaris-x86 | 0.1.0 | 63.00 | NOTE | |||
r-release-linux-x86_64 | 0.1.0 | 2.51 | 28.41 | 30.92 | NOTE | |
r-release-macos-x86_64 | 0.1.0 | NOTE | ||||
r-release-windows-ix86+x86_64 | 0.1.0 | 4.00 | 44.00 | 48.00 | NOTE | |
r-oldrel-macos-x86_64 | 0.1.0 | NOTE | ||||
r-oldrel-windows-ix86+x86_64 | 0.1.0 | 4.00 | 31.00 | 35.00 | NOTE |
Version: 0.1.0
Check: R code for possible problems
Result: NOTE
ParseTrueFX: no visible global function definition for 'read.csv'
TrueFXRef: no visible global function definition for 'download.file'
TrueFXRef: no visible global function definition for 'browseURL'
Undefined global functions or variables:
browseURL download.file read.csv
Consider adding
importFrom("utils", "browseURL", "download.file", "read.csv")
to your NAMESPACE file.
Flavors: r-devel-linux-x86_64-debian-clang, r-devel-linux-x86_64-debian-gcc, r-devel-linux-x86_64-fedora-clang, r-devel-linux-x86_64-fedora-gcc, r-devel-windows-ix86+x86_64, r-patched-linux-x86_64, r-patched-solaris-x86, r-release-linux-x86_64, r-release-macos-x86_64, r-release-windows-ix86+x86_64, r-oldrel-macos-x86_64, r-oldrel-windows-ix86+x86_64