CRAN Package Check Results for Package TDA

Last updated on 2022-05-20 12:53:38 CEST.

Flavor Version Tinstall Tcheck Ttotal Status Flags
r-devel-linux-x86_64-debian-clang 1.8.7 135.21 105.37 240.58 NOTE
r-devel-linux-x86_64-debian-gcc 1.8.7 118.68 80.96 199.64 NOTE
r-devel-linux-x86_64-fedora-clang 1.8.7 334.88 NOTE
r-devel-windows-x86_64 1.8.7 286.00 200.00 486.00 NOTE
r-patched-linux-x86_64 1.8.7 132.86 103.29 236.15 NOTE
r-release-linux-x86_64 1.8.7 126.05 102.53 228.58 NOTE
r-release-macos-arm64 1.8.7 102.00 NOTE
r-release-macos-x86_64 1.8.7 135.00 NOTE
r-release-windows-x86_64 1.8.7 220.00 210.00 430.00 NOTE
r-oldrel-macos-arm64 1.8.7 84.00 NOTE
r-oldrel-macos-x86_64 1.8.7 134.00 NOTE
r-oldrel-windows-ix86+x86_64 1.8.7 277.00 231.00 508.00 NOTE

Check Details

Version: 1.8.7
Check: for GNU extensions in Makefiles
Result: NOTE
    GNU make is a SystemRequirements.
Flavors: r-devel-linux-x86_64-debian-clang, r-devel-linux-x86_64-debian-gcc, r-devel-linux-x86_64-fedora-clang, r-devel-windows-x86_64, r-patched-linux-x86_64, r-release-linux-x86_64, r-release-macos-arm64, r-release-macos-x86_64, r-release-windows-x86_64, r-oldrel-macos-arm64, r-oldrel-macos-x86_64, r-oldrel-windows-ix86+x86_64

Version: 1.8.7
Check: installed package size
Result: NOTE
     installed size is 28.1Mb
     sub-directories of 1Mb or more:
     doc 1.3Mb
     libs 26.4Mb
Flavors: r-devel-linux-x86_64-fedora-clang, r-release-macos-arm64, r-release-macos-x86_64, r-oldrel-macos-arm64, r-oldrel-macos-x86_64, r-oldrel-windows-ix86+x86_64

Version: 1.8.7
Check: dependencies in R code
Result: NOTE
    Namespace in Imports field not imported from: ‘scales’
     All declared Imports should be used.
Flavors: r-devel-linux-x86_64-fedora-clang, r-release-macos-arm64, r-release-macos-x86_64, r-oldrel-macos-arm64, r-oldrel-macos-x86_64