Last updated on 2025-05-05 12:49:38 CEST.
Flavor | Version | Tinstall | Tcheck | Ttotal | Status | Flags |
---|---|---|---|---|---|---|
r-devel-linux-x86_64-debian-clang | 2018.5-1 | 105.43 | 18.32 | 123.75 | NOTE | |
r-devel-linux-x86_64-debian-gcc | 2018.5-1 | 69.39 | 15.54 | 84.93 | NOTE | |
r-devel-linux-x86_64-fedora-clang | 2018.5-1 | 287.48 | NOTE | |||
r-devel-linux-x86_64-fedora-gcc | 2018.5-1 | 250.16 | NOTE | |||
r-devel-windows-x86_64 | 2018.5-1 | 173.00 | 55.00 | 228.00 | NOTE | |
r-patched-linux-x86_64 | 2018.5-1 | 96.21 | 17.65 | 113.86 | NOTE | |
r-release-linux-x86_64 | 2018.5-1 | 97.92 | 17.73 | 115.65 | NOTE | |
r-release-macos-arm64 | 2018.5-1 | 50.00 | NOTE | |||
r-release-macos-x86_64 | 2018.5-1 | 50.00 | NOTE | |||
r-release-windows-x86_64 | 2018.5-1 | 180.00 | 61.00 | 241.00 | NOTE | |
r-oldrel-macos-arm64 | 2018.5-1 | 60.00 | NOTE | |||
r-oldrel-macos-x86_64 | 2018.5-1 | 56.00 | NOTE | |||
r-oldrel-windows-x86_64 | 2018.5-1 | 161.00 | 70.00 | 231.00 | NOTE |
Version: 2018.5-1
Check: CRAN incoming feasibility
Result: NOTE
Maintainer: ‘Fabrizio Cipollini <cipollini.fabrizio@gmail.com>’
No Authors@R field in DESCRIPTION.
Please add one, modifying
Authors@R: c(person(given = "Francesco",
family = "Calvori",
role = "aut"),
person(given = "Fabrizio",
family = "Cipollini",
role = c("aut", "cre"),
email = "cipollini.fabrizio@gmail.com"),
person(given = c("Giampiero", "M."),
family = "Gallo",
role = "aut"),
person(given = "'gzstream'",
family = "authors.",
role = "aut"))
as necessary.
Flavors: r-devel-linux-x86_64-debian-clang, r-devel-linux-x86_64-debian-gcc
Version: 2018.5-1
Check: Rd files
Result: NOTE
checkRd: (-1) TAQ-functions.Rd:119: Lost braces
119 | Brownlees, C. T., and Gallo, G. M. (2006). Financial Econometric Analysis at Ultra{--}High Frequency: Data Handling Concerns, \emph{Computational Statistics and Data Analysis} \bold{51}, 2232--2245.
| ^
checkRd: (-1) TAQ-package.Rd:59: Lost braces
59 | Brownlees, C. T., and Gallo, G. M. (2006). Financial Econometric Analysis at Ultra{--}High Frequency: Data Handling Concerns, \emph{Computational Statistics and Data Analysis} \bold{51}, 2232--2245.
| ^
Flavors: r-devel-linux-x86_64-debian-clang, r-devel-linux-x86_64-debian-gcc, r-devel-linux-x86_64-fedora-clang, r-devel-linux-x86_64-fedora-gcc, r-devel-windows-x86_64, r-patched-linux-x86_64, r-release-linux-x86_64, r-release-macos-arm64, r-release-macos-x86_64, r-release-windows-x86_64, r-oldrel-macos-arm64, r-oldrel-macos-x86_64, r-oldrel-windows-x86_64