Last updated on 2025-02-22 21:51:40 CET.
Flavor | Version | Tinstall | Tcheck | Ttotal | Status | Flags |
---|---|---|---|---|---|---|
r-devel-linux-x86_64-debian-clang | 1.0.1 | 2.55 | 27.48 | 30.03 | OK | |
r-devel-linux-x86_64-debian-gcc | 1.0.1 | 1.58 | 22.45 | 24.03 | OK | |
r-devel-linux-x86_64-fedora-clang | 1.0.1 | 50.33 | NOTE | |||
r-devel-linux-x86_64-fedora-gcc | 1.0.1 | 44.88 | NOTE | |||
r-devel-macos-arm64 | 1.0.1 | 22.00 | OK | |||
r-devel-macos-x86_64 | 1.0.1 | 33.00 | OK | |||
r-devel-windows-x86_64 | 1.0.1 | 4.00 | 62.00 | 66.00 | OK | |
r-patched-linux-x86_64 | 1.0.1 | 2.37 | 26.01 | 28.38 | OK | |
r-release-linux-x86_64 | 1.0.1 | 2.30 | 26.02 | 28.32 | OK | |
r-release-macos-arm64 | 1.0.1 | 21.00 | OK | |||
r-release-macos-x86_64 | 1.0.1 | 29.00 | OK | |||
r-release-windows-x86_64 | 1.0.1 | 4.00 | 54.00 | 58.00 | OK | |
r-oldrel-macos-arm64 | 1.0.1 | 22.00 | OK | |||
r-oldrel-macos-x86_64 | 1.0.1 | 29.00 | OK | |||
r-oldrel-windows-x86_64 | 1.0.1 | 4.00 | 60.00 | 64.00 | OK |
Version: 1.0.1
Check: dependencies in R code
Result: NOTE
Namespace in Imports field not imported from: ‘utils’
All declared Imports should be used.
Flavors: r-devel-linux-x86_64-fedora-clang, r-devel-linux-x86_64-fedora-gcc