Last updated on 2023-04-02 12:56:20 CEST.
Flavor | Version | Tinstall | Tcheck | Ttotal | Status | Flags |
---|---|---|---|---|---|---|
r-devel-linux-x86_64-debian-clang | 0.6.0 | 49.06 | 43.57 | 92.63 | OK | |
r-devel-linux-x86_64-debian-gcc | 0.6.0 | 46.37 | 33.91 | 80.28 | OK | |
r-devel-linux-x86_64-fedora-clang | 0.6.0 | 140.31 | OK | |||
r-devel-linux-x86_64-fedora-gcc | 0.6.0 | 145.45 | OK | |||
r-devel-windows-x86_64 | 0.6.0 | 66.00 | 112.00 | 178.00 | OK | |
r-patched-linux-x86_64 | 0.6.0 | 41.67 | 41.80 | 83.47 | OK | |
r-release-linux-x86_64 | 0.6.0 | 42.27 | 42.95 | 85.22 | OK | |
r-release-macos-arm64 | 0.6.0 | 17.00 | ERROR | |||
r-release-macos-x86_64 | 0.6.0 | 53.00 | OK | |||
r-release-windows-x86_64 | 0.6.0 | 191.00 | 114.00 | 305.00 | OK | |
r-oldrel-macos-arm64 | 0.6.0 | 33.00 | OK | |||
r-oldrel-macos-x86_64 | 0.6.0 | 53.00 | OK | |||
r-oldrel-windows-ix86+x86_64 | 0.6.0 | 130.00 | 107.00 | 237.00 | OK |
Version: 0.6.0
Check: whether package can be installed
Result: ERROR
Installation failed.
Flavor: r-release-macos-arm64