CRAN Package Check Results for Package SuppDists

Last updated on 2024-06-16 05:53:06 CEST.

Flavor Version Tinstall Tcheck Ttotal Status Flags
r-devel-linux-x86_64-debian-clang 1.1-9.7 9.19 30.34 39.53 NOTE
r-devel-linux-x86_64-debian-gcc 1.1-9.7 6.01 23.42 29.43 NOTE
r-devel-linux-x86_64-fedora-clang 1.1-9.7 48.16 NOTE
r-devel-linux-x86_64-fedora-gcc 1.1-9.7 47.07 NOTE
r-devel-windows-x86_64 1.1-9.7 9.00 49.00 58.00 NOTE
r-patched-linux-x86_64 1.1-9.7 7.18 29.84 37.02 NOTE
r-release-linux-x86_64 1.1-9.7 6.74 29.34 36.08 NOTE
r-release-macos-arm64 1.1-9.7 19.00 NOTE
r-release-macos-x86_64 1.1-9.7 26.00 NOTE
r-release-windows-x86_64 1.1-9.7 10.00 53.00 63.00 NOTE
r-oldrel-macos-arm64 1.1-9.7 19.00 NOTE
r-oldrel-macos-x86_64 1.1-9.7 28.00 NOTE
r-oldrel-windows-x86_64 1.1-9.7 8.00 55.00 63.00 NOTE

Additional issues

noRemap

Check Details

Version: 1.1-9.7
Check: C++ specification
Result: NOTE Specified C++11: please drop specification unless essential Flavors: r-devel-linux-x86_64-debian-clang, r-devel-linux-x86_64-debian-gcc, r-devel-linux-x86_64-fedora-clang, r-devel-linux-x86_64-fedora-gcc, r-devel-windows-x86_64, r-patched-linux-x86_64, r-release-linux-x86_64, r-release-macos-arm64, r-release-macos-x86_64, r-release-windows-x86_64, r-oldrel-macos-arm64, r-oldrel-macos-x86_64, r-oldrel-windows-x86_64