CRAN Package Check Results for Package SuperLearner

Last updated on 2020-06-03 12:49:22 CEST.

Flavor Version Tinstall Tcheck Ttotal Status Flags
r-devel-linux-x86_64-debian-clang 2.0-26 7.30 487.08 494.38 NOTE
r-devel-linux-x86_64-debian-gcc 2.0-26 5.95 365.51 371.46 NOTE
r-devel-linux-x86_64-fedora-clang 2.0-26 593.41 NOTE
r-devel-linux-x86_64-fedora-gcc 2.0-26 570.96 NOTE
r-devel-windows-ix86+x86_64 2.0-26 17.00 490.00 507.00 NOTE
r-patched-linux-x86_64 2.0-26 7.89 481.98 489.87 NOTE
r-patched-solaris-x86 2.0-26 1031.60 NOTE
r-release-linux-x86_64 2.0-26 7.72 477.38 485.10 NOTE
r-release-osx-x86_64 2.0-26 NOTE
r-release-windows-ix86+x86_64 2.0-26 10.00 464.00 474.00 NOTE
r-oldrel-osx-x86_64 2.0-26 NOTE
r-oldrel-windows-ix86+x86_64 2.0-26 9.00 504.00 513.00 NOTE

Check Details

Version: 2.0-26
Check: dependencies in R code
Result: NOTE
    'library' or 'require' call to 'gam' in package code.
     Please use :: or requireNamespace() instead.
     See section 'Suggested packages' in the 'Writing R Extensions' manual.
Flavors: r-devel-linux-x86_64-debian-clang, r-devel-linux-x86_64-debian-gcc, r-devel-linux-x86_64-fedora-clang, r-devel-linux-x86_64-fedora-gcc, r-devel-windows-ix86+x86_64, r-patched-linux-x86_64, r-patched-solaris-x86, r-release-linux-x86_64, r-release-osx-x86_64, r-release-windows-ix86+x86_64, r-oldrel-osx-x86_64, r-oldrel-windows-ix86+x86_64